{"id":699,"date":"2022-12-15T19:38:09","date_gmt":"2022-12-15T19:38:09","guid":{"rendered":"https:\/\/fisc.webparaguay.com\/?post_type=product&#038;p=699"},"modified":"2024-04-16T08:46:16","modified_gmt":"2024-04-16T12:46:16","slug":"punto-de-fusion-m-560-m-565","status":"publish","type":"product","link":"http:\/\/embrion.com.py\/fisc\/producto\/punto-de-fusion\/punto-de-fusion-m-560-m-565\/","title":{"rendered":"Punto de Fusi\u00f3n M-560\/M-565"},"content":{"rendered":"<ul>\n<li>La grabaci\u00f3n en v\u00eddeo de los procesos de fusi\u00f3n o ebullici\u00f3n permite observar de forma c\u00f3moda y continua la transici\u00f3n de fase en una pantalla en color que se puede aumentar hasta 6 veces.<\/li>\n<li>Las pel\u00edculas de v\u00eddeo de las operaciones de determinaci\u00f3n permiten observar los resultados tras la medici\u00f3n. Aproveche bien su tiempo gracias a la velocidad variable, entre el movimiento lento de una sola imagen y un movimiento hasta 100 veces m\u00e1s r\u00e1pido, ayuda a analizar sus muestras de forma eficiente.<\/li>\n<li>Es posible determinar tres muestras distintas de forma simult\u00e1nea. El usuario observa las muestras en el panel de visualizaci\u00f3n a trav\u00e9s de una lente de 2,5 aumentos para conseguir una determinaci\u00f3n precisa, detectar el inicio y la finalizaci\u00f3n de la fusi\u00f3n y guardar los valores determinados con solo pulsar un bot\u00f3n. El dise\u00f1o optimizado del bloque calefactor permite reducir los tiempos de refrigeraci\u00f3n y, en consecuencia, se obtiene una mayor productividad por hora.<\/li>\n<li>El dise\u00f1o optimizado del bloque calefactor permite tiempos de refrigeraci\u00f3n m\u00e1s breves y, en consecuencia, un rendimiento mayor n\u00famero de las muestras por hora.<\/li>\n<li>Un amplio indicador en color con brillo y alta resoluci\u00f3n que garantiza un control c\u00f3modo del instrumento y le ayuda a determinar los puntos de fusi\u00f3n de forma m\u00e1s eficiente.<\/li>\n<li>La calibraci\u00f3n \u00edntegramente guiada desde un men\u00fa, junto con los est\u00e1ndares de calibraci\u00f3n de BUCHI, permite llevar a cabo calibraciones de alta calidad.<\/li>\n<li>Cargador de muestras M-569 Cargue muestras en los capilares de punto de fusi\u00f3n de BUCHI con m\u00e1s rapidez y eficiencia.<\/li>\n<li>La impresora opcional permite documentar los resultados de la calibraci\u00f3n y la determinaci\u00f3n del punto de ebullici\u00f3n y de fusi\u00f3n de conformidad con GLP\/GMP. El teclado opcional se puede utilizar para introducir los par\u00e1metros de las muestras con rapidez.<\/li>\n<li>El Software para monitorear punto de fusi\u00f3n opcional permite gestionar los usuarios, m\u00e9todos y resultados de forma sencilla y segura.<\/li>\n<li>Si trabaja en un entorno regulado, puede obtener documentaci\u00f3n de cualificaci\u00f3n de la instalaci\u00f3n (IQ) y cualificaci\u00f3n de la operaci\u00f3n (OQ) opcional para su instrumento Punto de fusi\u00f3n. No es preciso malgastar tiempo ni esfuerzos en crear documentos de validaci\u00f3n.<\/li>\n<\/ul>\n<p><strong>Beneficios y Ventajas<\/strong><\/p>\n<ul>\n<li><strong>Flexible<\/strong><br \/>\nPunto de fusi\u00f3n le permite beneficiarse de una determinaci\u00f3n r\u00e1pida y sencilla del punto de fusi\u00f3n, el punto de ebullici\u00f3n o el punto de fusi\u00f3n deslizante de pr\u00e1cticamente cualquier tipo de muestra. Repita la comprobaci\u00f3n de las muestras m\u00e1s dif\u00edciles mediante la comparaci\u00f3n manual y automatizada de la medici\u00f3n para mejorar a\u00fan m\u00e1s la precisi\u00f3n. Observe y reproduzca la transici\u00f3n de fase mediante la pantalla de color y la grabaci\u00f3n de v\u00eddeo para realizar un an\u00e1lisis de datos exhaustivo. Gestione m\u00e9todos y resultados a\u00fan f\u00e1cilmente mediante el software opcional para PC.<\/li>\n<li><strong>Preciso<\/strong><br \/>\nEl sistema Punto de fusi\u00f3n proporciona un ajuste y una medici\u00f3n de la temperatura de alta precisi\u00f3n. Mantenga f\u00e1cilmente la precisi\u00f3n de su instrumento gracias a la calibraci\u00f3n guiada mediante men\u00fas. Verifique la calibraci\u00f3n con fiabilidad mediante compuestos est\u00e1ndar certificados.<\/li>\n<li><strong>Cumple las normas<\/strong><br \/>\nPunto de fusi\u00f3n es totalmente compatible con los m\u00e9todos de farmacopea (europea, USP, japonesa). Certifique sus calibraciones con procedimientos de IQ\/OQ exhaustivos y utilice c\u00f3modamente m\u00e9todos de verificaci\u00f3n para laboratorios GLP\/GMP.<\/li>\n<\/ul>\n<p><strong>Aplicaci\u00f3n<\/strong><\/p>\n<ul>\n<li><strong>Academia<\/strong><br \/>\nVerificaci\u00f3n de compuestos qu\u00edmicos. An\u00e1lisis de nuevos compuestos tras s\u00edntesis.<\/li>\n<li><strong>Productos qu\u00edmicos<\/strong><br \/>\nAn\u00e1lisis de materias primas. Examen de los productos finales en un proceso de producci\u00f3n. Observaci\u00f3n de la estabilidad t\u00e9rmica de productos.<\/li>\n<li><strong>Comida<\/strong><br \/>\nDeterminaci\u00f3n de las propiedades de fusi\u00f3n y la calidad de las materias primas. Descripci\u00f3n de la calidad de las grasas mediante el punto de fusi\u00f3n por deslizamiento.<\/li>\n<li><strong>Pharma<\/strong><br \/>\nVerificaci\u00f3n de la identidad de materiales precursores. Definici\u00f3n del punto de fusi\u00f3n de nuevas API. Indicaciones sobre la pureza de un material.<\/li>\n<\/ul>\n","protected":false},"excerpt":{"rendered":"<p>Determine de manera r\u00e1pida y sencillas los puntos de fusi\u00f3n y ebullici\u00f3n para conseguir un control de calidad profesional gracias al sistema Punto de fusi\u00f3n. Punto de fusi\u00f3n es una herramienta ideal para su laboratorio que ofrece la m\u00e1xima precisi\u00f3n y cumple todas las normas internacionales.<\/p>\n","protected":false},"featured_media":734,"comment_status":"closed","ping_status":"closed","template":"","meta":{"_et_pb_use_builder":"","_et_pb_old_content":"","_et_gb_content_width":"","_joinchat":[]},"product_brand":[],"product_cat":[23],"product_tag":[19],"class_list":{"0":"post-699","1":"product","2":"type-product","3":"status-publish","4":"has-post-thumbnail","6":"product_cat-punto-de-fusion","7":"product_tag-buchi","9":"first","10":"instock","11":"shipping-taxable","12":"product-type-simple"},"_links":{"self":[{"href":"http:\/\/embrion.com.py\/fisc\/wp-json\/wp\/v2\/product\/699","targetHints":{"allow":["GET"]}}],"collection":[{"href":"http:\/\/embrion.com.py\/fisc\/wp-json\/wp\/v2\/product"}],"about":[{"href":"http:\/\/embrion.com.py\/fisc\/wp-json\/wp\/v2\/types\/product"}],"replies":[{"embeddable":true,"href":"http:\/\/embrion.com.py\/fisc\/wp-json\/wp\/v2\/comments?post=699"}],"wp:featuredmedia":[{"embeddable":true,"href":"http:\/\/embrion.com.py\/fisc\/wp-json\/wp\/v2\/media\/734"}],"wp:attachment":[{"href":"http:\/\/embrion.com.py\/fisc\/wp-json\/wp\/v2\/media?parent=699"}],"wp:term":[{"taxonomy":"product_brand","embeddable":true,"href":"http:\/\/embrion.com.py\/fisc\/wp-json\/wp\/v2\/product_brand?post=699"},{"taxonomy":"product_cat","embeddable":true,"href":"http:\/\/embrion.com.py\/fisc\/wp-json\/wp\/v2\/product_cat?post=699"},{"taxonomy":"product_tag","embeddable":true,"href":"http:\/\/embrion.com.py\/fisc\/wp-json\/wp\/v2\/product_tag?post=699"}],"curies":[{"name":"wp","href":"https:\/\/api.w.org\/{rel}","templated":true}]}}