{"id":697,"date":"2022-12-15T19:38:08","date_gmt":"2022-12-15T19:38:08","guid":{"rendered":"https:\/\/fisc.webparaguay.com\/?post_type=product&#038;p=697"},"modified":"2024-07-26T17:15:40","modified_gmt":"2024-07-26T21:15:40","slug":"nir-online-x-sential-el-espectrometro-ft-nir-modular","status":"publish","type":"product","link":"http:\/\/embrion.com.py\/fisc\/producto\/nir\/nir-online-x-sential-el-espectrometro-ft-nir-modular\/","title":{"rendered":"NIR-Online"},"content":{"rendered":"<ul>\n<li><strong>Autocal<\/strong><br \/>\nLa herramienta de software m\u00e1s c\u00f3moda disponible en el mercado para el desarrollo de la calibraci\u00f3n y el mantenimiento autom\u00e1ticos. Sus valiosos datos de calibraci\u00f3n se pueden mantener en un almacenamiento local en todo momento: no es necesario transferirlo a agentes externos. Solo tiene que introducir el nuevo valor de referencia en el software y confirmarlo con un solo clic. No se necesitan funciones de exportaci\u00f3n\/importaci\u00f3n, rutinas de calibraci\u00f3n manual ni amplios conocimientos sobre quimiometr\u00eda. Ya no tendr\u00e1 que desarrollar exhaustivas calibraciones internas ni comprar bases de datos de calibraci\u00f3n.<\/li>\n<li><strong>Triple estabilizaci\u00f3n de temperatura<\/strong><br \/>\nMediciones fiables para productos a una temperatura de hasta 70 \u00b0C<br \/>\nRefrigerador de agua para productos a una temperatura de hasta 130 \u00b0C<br \/>\nBoquilla de aire que permite que el analizador funcione en entornos con temperaturas de hasta 55 \u00b0C (anula la directiva ATEX).<\/li>\n<li><strong>Seguridad certificada para entornos hostiles<\/strong><br \/>\nOperaci\u00f3n segura de su dispositivo NIR en entornos hostiles, certificado con los m\u00e1s altos criterios de prueba (IP69 \/ X9K). M\u00e1xima seguridad mediante la protecci\u00f3n de ingreso y el cumplimiento de los requisitos higi\u00e9nicos de todos los materiales en contacto con el producto.<\/li>\n<\/ul>\n<p><strong>Beneficios y Ventajas<\/strong><\/p>\n<ul>\n<li><strong>F\u00e1cil de usar<\/strong><br \/>\nCon la exclusiva funci\u00f3n AutoCal, no es necesario tener mucha experiencia para manejar X-Sential. El sensor de procesos se puede implementar f\u00e1cilmente en las rutinas de control de calidad que tenga. Nuestra amplia gama de adaptadores de procesos permite una integraci\u00f3n sencilla en las l\u00edneas de producci\u00f3n. NIR-Online ofrece al usuario soluciones HMI opcionales.<\/li>\n<li><strong>Rentabilidad<\/strong><br \/>\nGracias a su dise\u00f1o funcional, NIR\u2011Online X-Sential es un dispositivo adecuado para m\u00faltiples finalidades y, por tanto, muy rentable. El tiempo medio de retorno de la inversi\u00f3n es inferior a un a\u00f1o. No se necesitan bases de datos de calibraci\u00f3n comerciales ni un extenso desarrollo interno de calibraciones. Permite determinar par\u00e1metros de calidad b\u00e1sicos de grandes cantidades de materias primas y productos acabados; esto minimiza la producci\u00f3n fuera de las especificaciones y la necesidad de repetir tareas y, adem\u00e1s, permite corregir sus procesos en tiempo real.<\/li>\n<li><strong>Amplia experiencia en procesos<\/strong><br \/>\nNIR-Online X-Sential tiene un compartimento de sensor que protege del polvo y los chorros de agua (IP69\/X9K). Permite un amplio rango de temperaturas ambiente y de productos mediante los espectr\u00f3metros de estabilizaci\u00f3n de la temperatura. El sensor es una soluci\u00f3n preconfigurada para flujos de productos r\u00e1pidos, fluctuantes o discontinuos. Su integraci\u00f3n en sistemas de control de procesos es muy sencilla.<\/li>\n<\/ul>\n<p><strong>Aplicaci\u00f3n<\/strong><\/p>\n<ul>\n<li><strong>Alimentos\/Bebidas<\/strong><br \/>\nControl r\u00e1pido y confiable: composici\u00f3n macroqu\u00edmica, antioxidantes, propiedades f\u00edsicas, actividad acuosa, contaminantes.<\/li>\n<li><strong>An\u00e1lisis del Medio Ambiente<\/strong><br \/>\nControl de la calidad del suelo y mejora de las t\u00e9cnicas de las energ\u00edas renovables gracias a la medici\u00f3n de la composici\u00f3n qu\u00edmica del suelo, la composici\u00f3n de los fertilizantes, el potencial de generaci\u00f3n de biog\u00e1s de la materias primas biodegradables.<\/li>\n<li><strong>Piensos y Forrajes<\/strong><br \/>\nPruebas en materias primas y f\u00f3rmulas finales para determinar: la humedad, la prote\u00edna, la fibra, la FDA, la FDN, los amino\u00e1cidos.<\/li>\n<\/ul>\n<p><iframe loading=\"lazy\" title=\"YouTube video player\" src=\"https:\/\/www.youtube.com\/embed\/oG-xemnh5dA\" width=\"560\" height=\"315\" frameborder=\"0\" allowfullscreen=\"allowfullscreen\"><\/iframe><\/p>\n<p>&nbsp;<\/p>\n","protected":false},"excerpt":{"rendered":"<p>Supervisar atentamente par\u00e1metros b\u00e1sicos como la humedad, la grasa o la prote\u00edna es fundamental para corregir las desviaciones de los par\u00e1metros de fabricaci\u00f3n. X-Sential se ha dise\u00f1ado y desarrollado para ser un sensor de procesos de gran valor, rentable y adecuado para m\u00faltiples finalidades.<\/p>\n<p><a class=\"fasc-button fasc-size-large fasc-type-flat\" style=\"background-color: #fe0000; color: #ffffff;\" href=\"https:\/\/assets.buchi.com\/image\/upload\/v1626181041\/pdf\/Brochures\/PB_11595748_NIR-Online_X-Sential_es.pdf\">Ver brochure<\/a><\/p>\n","protected":false},"featured_media":732,"comment_status":"closed","ping_status":"closed","template":"","meta":{"_et_pb_use_builder":"","_et_pb_old_content":"","_et_gb_content_width":"","_joinchat":[]},"product_brand":[],"product_cat":[22],"product_tag":[19],"class_list":{"0":"post-697","1":"product","2":"type-product","3":"status-publish","4":"has-post-thumbnail","6":"product_cat-nir","7":"product_tag-buchi","9":"first","10":"instock","11":"shipping-taxable","12":"product-type-simple"},"_links":{"self":[{"href":"http:\/\/embrion.com.py\/fisc\/wp-json\/wp\/v2\/product\/697","targetHints":{"allow":["GET"]}}],"collection":[{"href":"http:\/\/embrion.com.py\/fisc\/wp-json\/wp\/v2\/product"}],"about":[{"href":"http:\/\/embrion.com.py\/fisc\/wp-json\/wp\/v2\/types\/product"}],"replies":[{"embeddable":true,"href":"http:\/\/embrion.com.py\/fisc\/wp-json\/wp\/v2\/comments?post=697"}],"wp:featuredmedia":[{"embeddable":true,"href":"http:\/\/embrion.com.py\/fisc\/wp-json\/wp\/v2\/media\/732"}],"wp:attachment":[{"href":"http:\/\/embrion.com.py\/fisc\/wp-json\/wp\/v2\/media?parent=697"}],"wp:term":[{"taxonomy":"product_brand","embeddable":true,"href":"http:\/\/embrion.com.py\/fisc\/wp-json\/wp\/v2\/product_brand?post=697"},{"taxonomy":"product_cat","embeddable":true,"href":"http:\/\/embrion.com.py\/fisc\/wp-json\/wp\/v2\/product_cat?post=697"},{"taxonomy":"product_tag","embeddable":true,"href":"http:\/\/embrion.com.py\/fisc\/wp-json\/wp\/v2\/product_tag?post=697"}],"curies":[{"name":"wp","href":"https:\/\/api.w.org\/{rel}","templated":true}]}}