{"id":693,"date":"2022-12-15T19:38:06","date_gmt":"2022-12-15T19:38:06","guid":{"rendered":"https:\/\/fisc.webparaguay.com\/?post_type=product&#038;p=693"},"modified":"2024-07-26T20:26:12","modified_gmt":"2024-07-27T00:26:12","slug":"lyovapor-l-200","status":"publish","type":"product","link":"http:\/\/embrion.com.py\/fisc\/producto\/liofilizacion\/lyovapor-l-200\/","title":{"rendered":"Lyovapor L 200"},"content":{"rendered":"<ul>\n<li>BUCHI ofrece asistencia para las aplicaciones, formaci\u00f3n, mantenimiento preventivo y documentaci\u00f3n de cualificaci\u00f3n de la instalaci\u00f3n (IQ) y cualificaci\u00f3n de la operaci\u00f3n (OQ)<\/li>\n<li>La diferencia de temperaturas puede usarse, junto con sensores de temperatura para el producto, para determinar el punto final.<\/li>\n<li>Lea f\u00e1cilmente los par\u00e1metros del proceso gracias a la pantalla regulable. Conecte c\u00f3modamente la pantalla a la parte frontal o lateral del secador por congelaci\u00f3n como mejor le convenga.<\/li>\n<li>El estado de protecci\u00f3n de la muestra se activa cada vez que la temperatura de la muestra sube por encima de la temperatura de colapso o si la presi\u00f3n se encuentra fuera del intervalo de seguridad. Adem\u00e1s, reduce la presi\u00f3n y detiene el calentamiento de los estantes y protege sus preciadas muestras.<\/li>\n<li>Conecte y coloque una interfaz adicional fuera de la campana de humos para controlar el proceso desde fuera. Utilice el avanzado Software Lyovapor\u2122 tras una simple mejora a Interfaz Pro.<\/li>\n<li>Ajuste la distancia entre estantes en funci\u00f3n de los requisitos de su aplicaci\u00f3n. Conecte dos racks de colectores para aumentar la flexibilidad en la configuraci\u00f3n de la liofilizaci\u00f3n.<\/li>\n<li>Capacidad del condensador: \u2264 6 kg<\/li>\n<li>Capacidad de condensaci\u00f3n: \u2264 6 kg\/24 h<\/li>\n<li>Capacidad de refrigeraci\u00f3n (compresor): 1,97 kW (a 50 Hz), 2,33 kW (a 60 Hz)<\/li>\n<li>Temperatura m\u00ednima del condensador: -55 \u00b0C<\/li>\n<\/ul>\n<p><strong>Beneficios y Ventajas<\/strong><\/p>\n<ul>\n<li><strong>Flexible<\/strong><br \/>\nLas opciones de c\u00e1mara de secado del Lyovapor\u2122 L-200 son tan variadas como sus necesidades reales de versatilidad y adaptabilidad. Puede instalar f\u00e1cilmente el instrumento en un carro, una mesa de laboratorio o una campana de humos para usarlo en cualquier laboratorio con flexibilidad. Tiene la opci\u00f3n de ampliarlo para convertirlo en Interfaz Pro y poder acceder a las funciones m\u00e1s avanzadas del secador por congelaci\u00f3n.<\/li>\n<li><strong>Infinite-Control\u2122<\/strong><br \/>\nControle libremente el rendimiento del Lyovapor\u2122 L-200, el primer secador por congelaci\u00f3n con Infinite-Control\u2122, desde cualquier ubicaci\u00f3n con un dispositivo m\u00f3vil. Una aplicaci\u00f3n de dise\u00f1o inteligente le mantendr\u00e1 al d\u00eda activamente sobre el progreso del secado por congelaci\u00f3n con notificaciones push. Cuide especialmente sus preciados productos con el estado de protecci\u00f3n de la muestra. Su manipulaci\u00f3n de los m\u00e9todos sencillos garantizan una experiencia impecable con su instrumento de liofilizaci\u00f3n.<\/li>\n<li><strong>Reproducible<\/strong><br \/>\nLyovapor\u2122 L-200 optimiza su proceso de secado por congelaci\u00f3n gracias a la determinaci\u00f3n fiable del punto final. El instrumento ofrece una reproducibilidad y una fiabilidad superiores debido a los par\u00e1metros estables del proceso, como la temperatura de enfriamiento, la variaci\u00f3n de la temperatura de almacenaje \u00b11 \u00b0C y la presi\u00f3n de vac\u00edo.<\/li>\n<\/ul>\n<p><strong>Aplicaci\u00f3n<\/strong><\/p>\n<ul>\n<li><strong>Educaci\u00f3n<\/strong><br \/>\nPara una amplia gama de aplicaciones en el sector acad\u00e9mico: Secado completo con detecci\u00f3n de temperatura.<\/li>\n<li><strong>Biotecnolog\u00eda<\/strong><br \/>\nSe emplea en tareas de desarrollo biotecnol\u00f3gico para secar productos biol\u00f3gicamente activos: Secado y estabilizaci\u00f3n de peque\u00f1as cantidades en placas de microt\u00edtulo o matraces peque\u00f1os.<\/li>\n<li><strong>An\u00e1lisis del medio ambiente<\/strong><br \/>\nPermite preparar y estabilizar muestras con fines de control de la contaminaci\u00f3n ambiental: Durante el almacenamiento de las muestras, para destruir los microorganismos. Secado, por ejemplo, para los procesos de extracci\u00f3n Soxhlet.<\/li>\n<li><strong>Industria qu\u00edmica<br \/>\n<\/strong>Para un secado suave y sin p\u00e9rdidas en los procesos de control de calidad y laboratorios de I+D: Secado de las cantidades m\u00e1s diminutas en placas de microt\u00edtulo y posibilidad de secar cantidades a granel o en matraces grandes y peque\u00f1os.<\/li>\n<li><strong>Alimentos\/ extractos naturales<\/strong><br \/>\nSe emplea para el desarrollo de alimentos funcionales: El disolvente se elimina durante el secado sin destruir sustancias naturales como las prote\u00ednas, minerales o vitaminas.<\/li>\n<li><strong>Industria farmac\u00e9utica<\/strong><br \/>\nPara diversas aplicaciones de control de calidad, as\u00ed como para s\u00edntesis a escala en laboratorio y formulaci\u00f3n en departamentos de I+D: Secado de p\u00e9ptidos, soluciones en prote\u00ednas amorfas y cristalinas.<\/li>\n<\/ul>\n","protected":false},"excerpt":{"rendered":"<p>El primer secador por congelaci\u00f3n con Infinite-Control\u2122<br \/>\nAl ser el primer secador por congelaci\u00f3n con Infinite-Control\u2122, el compacto Lyovapor L-200 ofrece una automatizaci\u00f3n sin precedentes en el proceso de sublimaci\u00f3n. Permite crear m\u00e9todos f\u00e1cilmente y ejecutarlos, registrar datos, grabar gr\u00e1ficos en tiempo real e interactuar con dispositivos m\u00f3viles en cualquier momento y lugar.<\/p>\n","protected":false},"featured_media":3945,"comment_status":"closed","ping_status":"closed","template":"","meta":{"_et_pb_use_builder":"","_et_pb_old_content":"","_et_gb_content_width":"","_joinchat":[]},"product_brand":[],"product_cat":[21],"product_tag":[19],"class_list":{"0":"post-693","1":"product","2":"type-product","3":"status-publish","4":"has-post-thumbnail","6":"product_cat-liofilizacion","7":"product_tag-buchi","9":"first","10":"instock","11":"shipping-taxable","12":"product-type-simple"},"_links":{"self":[{"href":"http:\/\/embrion.com.py\/fisc\/wp-json\/wp\/v2\/product\/693","targetHints":{"allow":["GET"]}}],"collection":[{"href":"http:\/\/embrion.com.py\/fisc\/wp-json\/wp\/v2\/product"}],"about":[{"href":"http:\/\/embrion.com.py\/fisc\/wp-json\/wp\/v2\/types\/product"}],"replies":[{"embeddable":true,"href":"http:\/\/embrion.com.py\/fisc\/wp-json\/wp\/v2\/comments?post=693"}],"wp:featuredmedia":[{"embeddable":true,"href":"http:\/\/embrion.com.py\/fisc\/wp-json\/wp\/v2\/media\/3945"}],"wp:attachment":[{"href":"http:\/\/embrion.com.py\/fisc\/wp-json\/wp\/v2\/media?parent=693"}],"wp:term":[{"taxonomy":"product_brand","embeddable":true,"href":"http:\/\/embrion.com.py\/fisc\/wp-json\/wp\/v2\/product_brand?post=693"},{"taxonomy":"product_cat","embeddable":true,"href":"http:\/\/embrion.com.py\/fisc\/wp-json\/wp\/v2\/product_cat?post=693"},{"taxonomy":"product_tag","embeddable":true,"href":"http:\/\/embrion.com.py\/fisc\/wp-json\/wp\/v2\/product_tag?post=693"}],"curies":[{"name":"wp","href":"https:\/\/api.w.org\/{rel}","templated":true}]}}