{"id":4093,"date":"2025-01-30T11:36:59","date_gmt":"2025-01-30T14:36:59","guid":{"rendered":"https:\/\/fisc.com.py\/?post_type=product&#038;p=4093"},"modified":"2025-01-30T12:08:34","modified_gmt":"2025-01-30T15:08:34","slug":"fotometro-de-llamas","status":"publish","type":"product","link":"http:\/\/embrion.com.py\/fisc\/producto\/ambiental\/fotometro-de-llamas\/","title":{"rendered":"Fot\u00f3metro de Llamas"},"content":{"rendered":"<ul>\n<li>Equipado con una pantalla t\u00e1ctil de 5&#8243; que permite la lectura simult\u00e1nea de hasta 4 elementos (Na, Ca, K y Li)<\/li>\n<li>Tiene acceso r\u00e1pido a las curvas preconfiguradas guardadas en su software, lo que le da una gran practicidad en las operaciones del d\u00eda a d\u00eda.<\/li>\n<li>Los datos almacenados se pueden exportar f\u00e1cilmente a trav\u00e9s del puerto USB<\/li>\n<li>La calibraci\u00f3n se puede realizar en hasta 5 puntos seleccionables y programables, lo que permite la linealizaci\u00f3n de la curva de trabajo seg\u00fan las necesidades del cliente.<\/li>\n<li>Su cuerpo est\u00e1 fabricado en ABS-V0, ign\u00edfugo, y su atomizador y quemador en acero inoxidable 316, aportando una gran resistencia, seguridad y facilidad de mantenimiento.<\/li>\n<\/ul>\n","protected":false},"excerpt":{"rendered":"<p>An\u00e1lisis r\u00e1pido y confiable de Na, Ca, K y Li<\/p>\n","protected":false},"featured_media":4092,"comment_status":"open","ping_status":"closed","template":"","meta":{"_et_pb_use_builder":"","_et_pb_old_content":"","_et_gb_content_width":"","_joinchat":[]},"product_brand":[],"product_cat":[80],"product_tag":[78],"class_list":{"0":"post-4093","1":"product","2":"type-product","3":"status-publish","4":"has-post-thumbnail","6":"product_cat-ambiental","7":"product_tag-digimed","9":"first","10":"instock","11":"shipping-taxable","12":"product-type-simple"},"_links":{"self":[{"href":"http:\/\/embrion.com.py\/fisc\/wp-json\/wp\/v2\/product\/4093","targetHints":{"allow":["GET"]}}],"collection":[{"href":"http:\/\/embrion.com.py\/fisc\/wp-json\/wp\/v2\/product"}],"about":[{"href":"http:\/\/embrion.com.py\/fisc\/wp-json\/wp\/v2\/types\/product"}],"replies":[{"embeddable":true,"href":"http:\/\/embrion.com.py\/fisc\/wp-json\/wp\/v2\/comments?post=4093"}],"wp:featuredmedia":[{"embeddable":true,"href":"http:\/\/embrion.com.py\/fisc\/wp-json\/wp\/v2\/media\/4092"}],"wp:attachment":[{"href":"http:\/\/embrion.com.py\/fisc\/wp-json\/wp\/v2\/media?parent=4093"}],"wp:term":[{"taxonomy":"product_brand","embeddable":true,"href":"http:\/\/embrion.com.py\/fisc\/wp-json\/wp\/v2\/product_brand?post=4093"},{"taxonomy":"product_cat","embeddable":true,"href":"http:\/\/embrion.com.py\/fisc\/wp-json\/wp\/v2\/product_cat?post=4093"},{"taxonomy":"product_tag","embeddable":true,"href":"http:\/\/embrion.com.py\/fisc\/wp-json\/wp\/v2\/product_tag?post=4093"}],"curies":[{"name":"wp","href":"https:\/\/api.w.org\/{rel}","templated":true}]}}