{"id":3023,"date":"2022-12-22T12:22:44","date_gmt":"2022-12-22T12:22:44","guid":{"rendered":"https:\/\/fisc.webparaguay.com\/?post_type=product&#038;p=3023"},"modified":"2024-07-26T20:15:35","modified_gmt":"2024-07-27T00:15:35","slug":"encapsulador-b-390-b-395","status":"publish","type":"product","link":"http:\/\/embrion.com.py\/fisc\/producto\/encapsulador\/encapsulador-b-390-b-395\/","title":{"rendered":"Encapsulador B-390\/B-395"},"content":{"rendered":"<ul>\n<li>Sistema vers\u00e1til para el encapsulado controlado de sustancias y materiales para trabajos de I+D en laboratorios.<\/li>\n<li>Bomba con jeringa de calibraci\u00f3n sencilla, para una alimentaci\u00f3n con pocas p\u00e9rdidas de peque\u00f1as cantidades de muestra mediante jeringas est\u00e9riles de diferentes vol\u00famenes.<\/li>\n<li>Sistema de boquillas para crear c\u00e1psulas tipo n\u00facleo\u00adcubierta grandes (de 2 \u2013 4 mm de di\u00e1m.) mediante el procedimiento de separaci\u00f3n gota a gota.<\/li>\n<li>Sistema de boquilla con dispersi\u00f3n por corriente de aire y volumen muerto minimizado, dise\u00f1ado a medida para un encapsulado de aglomeraciones celulares de bajo impacto.<\/li>\n<li>Sistema de boquillas conc\u00e9ntricas para generar c\u00e1psulas tipo n\u00facleo\u00adcubierta (de 200 \u2013 2000 \u00b5m de di\u00e1m.).<\/li>\n<li>El recipiente de reacci\u00f3n del Encapsulator B-395 Pro est\u00e1 disponible con certificados de material para la documentaci\u00f3n de buenas pr\u00e1cticas de fabricaci\u00f3n.<\/li>\n<\/ul>\n<p><strong>Beneficios y Ventajas<\/strong><\/p>\n<ul>\n<li><strong>Eficiencia mejorada<\/strong><br \/>\nLas condiciones de la encapsulaci\u00f3n de bajo impacto que son posibles con el Encapsulator B-390\/B-395 pueden aumentar la eficiencia y reproducibilidad de su proceso de encapsulaci\u00f3n. El sistema de encapsulaci\u00f3n le ofrece una distribuci\u00f3n del tama\u00f1o de part\u00edcula extraordinariamente peque\u00f1a y un elevado rendimiento de los productos con una calidad superior.<\/li>\n<li><strong>Experiencia de usuario impecable<\/strong><br \/>\nDisfrute de una experiencia de usuario impecable con el Encapsulator B-390\/B-395 gracias a su manejo intuitivo y su mantenimiento sencillo. La posibilidad de ver la formaci\u00f3n de gotas le ofrece un acceso amplio al proceso y le permite optimizar su proceso de encapsulaci\u00f3n de manera r\u00e1pida y c\u00f3moda. Le ofrecemos una amplia compatibilidad para que pueda adaptar f\u00e1cilmente el sistema a sus muestras y necesidades concretas. Conf\u00ede en nuestra base de datos de aplicaciones establecida o hable con nuestros especialistas en aplicaciones certificados para optimizar y personalizar el rendimiento de su sistema.<\/li>\n<li><strong>As\u00e9ptico<br \/>\n<\/strong>Con el Encapsulator B-395, se puede realizar la encapsulaci\u00f3n est\u00e9ril de c\u00e9lulas, microorganismos e ingredientes activos. Puede introducir fluidos y productos en el recipiente de reacci\u00f3n, y extraerlos del mismo, de manera as\u00e9ptica. Tambi\u00e9n puede integrar f\u00e1cilmente el instrumento de encapsulaci\u00f3n en un proceso de producci\u00f3n conforme a las buenas pr\u00e1cticas de fabricaci\u00f3n.<\/li>\n<\/ul>\n<p><strong>Aplicaci\u00f3n<\/strong><\/p>\n<ul>\n<li><strong>Industria Farmac\u00e9utica<\/strong><br \/>\nPrincipios activos farmac\u00e9uticos, administraci\u00f3n de f\u00e1rmacos, vacunas, f\u00e1rmacos inhalables, enmascaramiento del sabor<\/li>\n<li><strong>Qu\u00edmicas \/ Materiales<\/strong><br \/>\nNanotecnolog\u00eda, catalizadores, pilas de combustible, bater\u00edas, acumuladores, cer\u00e1micas, absorbentes UV, pigmentos y recubrimientos<\/li>\n<li><strong>Alimentaci\u00f3n \/ Bebidas<\/strong><br \/>\nEncapsulaci\u00f3n de aditivos, liberaci\u00f3n controlada, nutrac\u00e9uticos, alimentos funcionales, sabores, vitaminas, prote\u00ednas, bacterias probi\u00f3ticas, concentrados de zumo, leche en polvo<\/li>\n<li><strong>Sector acad\u00e9mico<\/strong><br \/>\nPara una amplia gama de aplicaciones en la formaci\u00f3n acad\u00e9mica: Gama completa de aplicaciones de secado por pulverizaci\u00f3n.<\/li>\n<li><strong>Piensos<\/strong><br \/>\nEncapsulaci\u00f3n de aditivos, sabores, vitaminas, prote\u00ednas, bacterias probi\u00f3ticas, liberaci\u00f3n controlada<\/li>\n<li><strong>Otras<\/strong><br \/>\nEncapsulaci\u00f3n de c\u00e9lulas, bacterias y prote\u00ednas, trasplante de c\u00e9lulas, biotransformaci\u00f3n, cosm\u00e9ticos, fragancias, aplicaciones medioambientales.<br \/>\n<iframe loading=\"lazy\" title=\"YouTube video player\" src=\"https:\/\/www.youtube.com\/embed\/5TJZRMLJqRE\" width=\"560\" height=\"315\" frameborder=\"0\" allowfullscreen=\"allowfullscreen\"><\/iframe><\/li>\n<\/ul>\n","protected":false},"excerpt":{"rendered":"<p>El Encapsulador B-390\/B-395 es un sistema vers\u00e1til para encapsular sustancias y materiales para trabajos de I+D en laboratorios. La capacidad de adaptaci\u00f3n del dispositivo le permite obtener innovadoras microperlas y microc\u00e1psulas.<\/p>\n","protected":false},"featured_media":720,"comment_status":"closed","ping_status":"closed","template":"","meta":{"_et_pb_use_builder":"","_et_pb_old_content":"","_et_gb_content_width":"","_joinchat":[]},"product_brand":[],"product_cat":[75],"product_tag":[19],"class_list":{"0":"post-3023","1":"product","2":"type-product","3":"status-publish","4":"has-post-thumbnail","6":"product_cat-encapsulador","7":"product_tag-buchi","9":"first","10":"instock","11":"shipping-taxable","12":"product-type-simple"},"_links":{"self":[{"href":"http:\/\/embrion.com.py\/fisc\/wp-json\/wp\/v2\/product\/3023","targetHints":{"allow":["GET"]}}],"collection":[{"href":"http:\/\/embrion.com.py\/fisc\/wp-json\/wp\/v2\/product"}],"about":[{"href":"http:\/\/embrion.com.py\/fisc\/wp-json\/wp\/v2\/types\/product"}],"replies":[{"embeddable":true,"href":"http:\/\/embrion.com.py\/fisc\/wp-json\/wp\/v2\/comments?post=3023"}],"wp:featuredmedia":[{"embeddable":true,"href":"http:\/\/embrion.com.py\/fisc\/wp-json\/wp\/v2\/media\/720"}],"wp:attachment":[{"href":"http:\/\/embrion.com.py\/fisc\/wp-json\/wp\/v2\/media?parent=3023"}],"wp:term":[{"taxonomy":"product_brand","embeddable":true,"href":"http:\/\/embrion.com.py\/fisc\/wp-json\/wp\/v2\/product_brand?post=3023"},{"taxonomy":"product_cat","embeddable":true,"href":"http:\/\/embrion.com.py\/fisc\/wp-json\/wp\/v2\/product_cat?post=3023"},{"taxonomy":"product_tag","embeddable":true,"href":"http:\/\/embrion.com.py\/fisc\/wp-json\/wp\/v2\/product_tag?post=3023"}],"curies":[{"name":"wp","href":"https:\/\/api.w.org\/{rel}","templated":true}]}}