{"id":2915,"date":"2022-12-19T19:30:56","date_gmt":"2022-12-19T19:30:56","guid":{"rendered":"https:\/\/fisc.webparaguay.com\/?post_type=product&#038;p=2915"},"modified":"2024-04-08T15:44:22","modified_gmt":"2024-04-08T19:44:22","slug":"spinsolve-80","status":"publish","type":"product","link":"http:\/\/embrion.com.py\/fisc\/producto\/resonancia-magnetica-nuclear-rmn\/spinsolve-80\/","title":{"rendered":"Spinsolve 80"},"content":{"rendered":"<p>La homogeneidad de campo ultra alta combinada con la supresi\u00f3n de solventes le permite resolver en pocos minutos los analitos disueltos en solventes protonados en concentraciones submilimolares.<\/p>\n<p>Se puede utilizar el Spinsolve 60 ULTRA para determinar el tipo y contenido de az\u00facar presente en las bebidas no alcoh\u00f3licas. La alta sensibilidad del sistema le permite cuantificar con alta precisi\u00f3n la concentraci\u00f3n de varios componentes, como el etanol, que normalmente se encuentran en concentraciones muy bajas en los jugos de frutas naturales.<\/p>\n<p>El Spinsolve 80 ULTRA es ideal para estudiar procesos bioqu\u00edmicos como fermentaciones. La alta sensibilidad del modelo de 80 MHz permite detectar metabolitos producidos en concentraciones submilimolares en solo minutos. Por ejemplo, la supresi\u00f3n del solvente se puede combinar con el desacoplamiento de carbono para eliminar los sat\u00e9lites de carbono de las se\u00f1ales de RMN del etanol producidas durante un proceso de fermentaci\u00f3n.<\/p>\n<p>El dispositivo Spinsolve 80 ULTRA puede ser utilizado en combinaci\u00f3n con el paquete de software de monitoreo de reacciones para seguir el curso de una reacci\u00f3n en l\u00ednea y tambi\u00e9n para determinar su resultado estereoqu\u00edmico.<\/p>\n<p><strong>Ventajas y beneficios<\/strong><\/p>\n<ul>\n<li>Campo magn\u00e9tico m\u00e1s grande (frecuencia de 80 MHz 1 H)<\/li>\n<li>Desplazamiento qu\u00edmico m\u00e1s grande<\/li>\n<li>Mayor sensibilidad<\/li>\n<li>Resoluci\u00f3n magn\u00edfica:\n<ul>\n<li>Cl\u00e1sico LW 50\/0.55% &lt; 0.4 \/ 16 Hz<\/li>\n<li>ULTRA LW 50\/0.55\/0.11% &lt; 0.25 \/ 10 \/ 20 Hz<\/li>\n<\/ul>\n<\/li>\n<li>Ancho de banda 50\/0.55% &lt; 0.4 \/ 16 Hz<\/li>\n<li>Sonda multinuclear<\/li>\n<li>Tubos de RMN est\u00e1ndar de 5 mm<\/li>\n<li>No se requiere girar la muestra<\/li>\n<li>M\u00e9todos avanzados como COSY, HSQC, HMBC, etc.<\/li>\n<li>Dimensiones y peso para se poner en una mesa o campana extractora<\/li>\n<li>No requiere l\u00edquidos criog\u00e9nicos<\/li>\n<li>Se puede usar el cambiador de muestras autom\u00e1tico en el equipo.<\/li>\n<\/ul>\n<p><strong>Aplicaci\u00f3n<\/strong><\/p>\n<ul>\n<li>Ense\u00f1anza de qu\u00edmica<\/li>\n<li>\u00a0Monitoreo de reacciones qu\u00edmicas<\/li>\n<li>Pol\u00edmeros<\/li>\n<li>Detecci\u00f3n de impurezas y contaminantes<\/li>\n<li>Cuantificaci\u00f3n de az\u00facares y alcohol en bebidas<\/li>\n<li>Identificaci\u00f3n y cuantificaci\u00f3n de metabolitos en biofluidos<\/li>\n<li>Seguimiento de los procesos de fermentaci\u00f3n en biorreactores<\/li>\n<li>\u00a0An\u00e1lisis forense de drogas<\/li>\n<li>\u00a0RMN cuantitativo<\/li>\n<li>\u00a0Petroqu\u00edmica<\/li>\n<li>Investigaci\u00f3n en RMN<\/li>\n<li>Productos naturares<\/li>\n<\/ul>\n","protected":false},"excerpt":{"rendered":"<p>Tenga un RMN que no tiene costo de mantenimiento y te ofrece resultados en concentraciones sub milimolar.<\/p>\n","protected":false},"featured_media":2927,"comment_status":"closed","ping_status":"closed","template":"","meta":{"_et_pb_use_builder":"","_et_pb_old_content":"","_et_gb_content_width":"","_joinchat":[]},"product_brand":[],"product_cat":[72],"product_tag":[71],"class_list":{"0":"post-2915","1":"product","2":"type-product","3":"status-publish","4":"has-post-thumbnail","6":"product_cat-resonancia-magnetica-nuclear-rmn","7":"product_tag-magritek","9":"first","10":"instock","11":"shipping-taxable","12":"product-type-simple"},"_links":{"self":[{"href":"http:\/\/embrion.com.py\/fisc\/wp-json\/wp\/v2\/product\/2915","targetHints":{"allow":["GET"]}}],"collection":[{"href":"http:\/\/embrion.com.py\/fisc\/wp-json\/wp\/v2\/product"}],"about":[{"href":"http:\/\/embrion.com.py\/fisc\/wp-json\/wp\/v2\/types\/product"}],"replies":[{"embeddable":true,"href":"http:\/\/embrion.com.py\/fisc\/wp-json\/wp\/v2\/comments?post=2915"}],"wp:featuredmedia":[{"embeddable":true,"href":"http:\/\/embrion.com.py\/fisc\/wp-json\/wp\/v2\/media\/2927"}],"wp:attachment":[{"href":"http:\/\/embrion.com.py\/fisc\/wp-json\/wp\/v2\/media?parent=2915"}],"wp:term":[{"taxonomy":"product_brand","embeddable":true,"href":"http:\/\/embrion.com.py\/fisc\/wp-json\/wp\/v2\/product_brand?post=2915"},{"taxonomy":"product_cat","embeddable":true,"href":"http:\/\/embrion.com.py\/fisc\/wp-json\/wp\/v2\/product_cat?post=2915"},{"taxonomy":"product_tag","embeddable":true,"href":"http:\/\/embrion.com.py\/fisc\/wp-json\/wp\/v2\/product_tag?post=2915"}],"curies":[{"name":"wp","href":"https:\/\/api.w.org\/{rel}","templated":true}]}}