{"id":2913,"date":"2022-12-19T19:30:54","date_gmt":"2022-12-19T19:30:54","guid":{"rendered":"https:\/\/fisc.webparaguay.com\/?post_type=product&#038;p=2913"},"modified":"2024-04-08T15:57:19","modified_gmt":"2024-04-08T19:57:19","slug":"medidores-nucleares-de-densidad-y-humedad","status":"publish","type":"product","link":"http:\/\/embrion.com.py\/fisc\/producto\/suelos\/medidores-nucleares-de-densidad-y-humedad\/","title":{"rendered":"Medidores nucleares de densidad y humedad"},"content":{"rendered":"<ul>\n<li><span style=\"font-family: Arial, serif;\"><span style=\"font-size: small;\">Medici\u00f3n: Densidad a 125 pcf (2000 kg \/ m3)<\/span><\/span><\/li>\n<li>\n<p lang=\"en-US\"><span style=\"font-family: Arial, serif;\"><span style=\"font-size: small;\">Direct Transmission, 6&#8243; (150mm)<\/span><\/span><\/p>\n<\/li>\n<li>\n<p lang=\"en-US\"><span style=\"font-family: Arial, serif;\"><span style=\"font-size: small;\">Precision, pcf (kg\/m3): \u00b10.25 (4) <\/span><\/span><\/p>\n<\/li>\n<li>\n<p lang=\"en-US\"><span style=\"font-family: Arial, serif;\"><span style=\"font-size: small;\">Chemical Error, pcf (kg\/m3) : \u00b11.0 (16)<\/span><\/span><\/p>\n<\/li>\n<li><span style=\"font-family: Arial, serif;\"><span style=\"font-size: small;\">Surface Error, pcf (kg\/m3): -0.5 (8)<\/span><\/span><\/li>\n<li>\n<p lang=\"en-US\"><span style=\"font-family: Arial, serif;\"><span style=\"font-size: small;\">Measurement Depth: 2\u2019\u2019 to 12\u2019\u2019 (50 to 300mm)<\/span><\/span><\/p>\n<\/li>\n<li>\n<p lang=\"en-US\"><span style=\"font-family: Arial, serif;\"><span style=\"font-size: small;\">Backscatter, 3.5&#8243; (88mm): <\/span><\/span><\/p>\n<\/li>\n<li>\n<p lang=\"en-US\"><span style=\"font-family: Arial, serif;\"><span style=\"font-size: small;\">Precision, pcf (kg\/m3): \u00b10.5 (8) <\/span><\/span><\/p>\n<\/li>\n<li>\n<p lang=\"en-US\"><span style=\"font-family: Arial, serif;\"><span style=\"font-size: small;\">Chemical Error, pcf (kg\/m3) : \u00b12.5 (40) <\/span><\/span><\/p>\n<\/li>\n<li><span style=\"font-family: Arial, serif;\"><span style=\"font-size: small;\">Surface Error, pcf (kg\/m3): -3.0 (48) <\/span><\/span><\/li>\n<li>\n<p lang=\"en-US\"><span style=\"font-family: Arial, serif;\"><span style=\"font-size: small;\">Measurement Depth: 3.5&#8243; (88mm)<\/span><\/span><\/p>\n<\/li>\n<li>\n<p lang=\"en-US\"><span style=\"font-family: Arial, serif;\"><span style=\"font-size: small;\">Moisture at 10pcf (160kg\/m3):<\/span><\/span><\/p>\n<\/li>\n<li>\n<p lang=\"en-US\"><span style=\"font-family: Arial, serif;\"><span style=\"font-size: small;\">Precision, pcf (kg\/m3): \u00b10.5 (8) <\/span><\/span><\/p>\n<\/li>\n<li><span style=\"font-family: Arial, serif;\"><span style=\"font-size: small;\">Surface Error, pcf (kg\/m3): -0.25 (4) <\/span><\/span><\/li>\n<li>\n<p lang=\"en-US\"><span style=\"font-family: Arial, serif;\"><span style=\"font-size: medium;\">Measurement Depth: 4-8&#8243; (100 to 200mm)<\/span><\/span><\/p>\n<\/li>\n<li>\n<p lang=\"en-US\"><span style=\"font-family: Arial, serif;\"><span style=\"font-size: medium;\">Displays:<\/span><\/span><\/p>\n<\/li>\n<\/ul>\n<ul>\n<li>\n<p lang=\"en-US\"><span style=\"font-family: Arial, serif;\"><span style=\"font-size: medium;\">TFT, color LCD with back-light, 16:9, 480 x 272 pixel <\/span><\/span><\/p>\n<\/li>\n<li>\n<p lang=\"en-US\"><span style=\"font-family: Arial, serif;\"><span style=\"font-size: medium;\">4 lines x 20 alphanumeric w\/ backlit liquid crystal display<\/span><\/span><\/p>\n<\/li>\n<\/ul>\n<ul>\n<li>\n<p lang=\"en-US\"><span style=\"font-family: Arial, serif;\"><span style=\"font-size: medium;\">Timer Stability: 0.01%<\/span><\/span><\/p>\n<\/li>\n<li>\n<p lang=\"en-US\"><span style=\"font-family: Arial, serif;\"><span style=\"font-size: medium;\">Power Supply Stability: 0.10%<\/span><\/span><\/p>\n<\/li>\n<li>\n<p lang=\"en-US\"><span style=\"font-family: Arial, serif;\"><span style=\"font-size: medium;\">Power Source:<\/span><\/span><\/p>\n<\/li>\n<\/ul>\n<ul>\n<li>\n<p lang=\"en-US\"><span style=\"font-family: Arial, serif;\"><span style=\"font-size: medium;\">NiMH battery (AA battery optional) <\/span><\/span><\/p>\n<\/li>\n<li>\n<p lang=\"en-US\"><span style=\"font-family: Arial, serif;\"><span style=\"font-size: medium;\">Six (6) alkaline AA-size batteries<\/span><\/span><\/p>\n<\/li>\n<\/ul>\n<ul>\n<li>\n<p lang=\"en-US\"><span style=\"font-family: Arial, serif;\"><span style=\"font-size: medium;\">Power Protection: Main Batteries\u2014Circuit Breaker<\/span><\/span><\/p>\n<\/li>\n<li>\n<p lang=\"en-US\"><span style=\"font-family: Arial, serif;\"><span style=\"font-size: medium;\">Low Battery Condition: LOBAT Alarm and Auto Shutoff for low and dead battery conditions<\/span><\/span><\/p>\n<\/li>\n<\/ul>\n<p><strong>Ventajas y beneficios<\/strong><\/p>\n<ul>\n<li>Un medidor de densidad nuclear mide la densidad de la mezcla de asfalto en caliente (HMA) en el lugar utilizando radiaci\u00f3n gamma. Los rayos gamma se emiten desde la fuente e interact\u00faan con los electrones del material. Al calcular el porcentaje de rayos gamma que regresan a la fuente, el medidor puede medir de manera r\u00e1pida y precisa la densidad y la estructura interna del material de prueba.<\/li>\n<li>Los medidores de densidad nuclear de Humboldt son menos fr\u00e1giles y est\u00e1n mejor equipados que los de la competencia.<\/li>\n<li>Nuestros medidores est\u00e1n dise\u00f1ados para durar a\u00f1os de aplicaciones resistentes y est\u00e1n fabricados con piezas 100% nuevas.<\/li>\n<li>Humboldt ofrece dos modelos de medidores de densidad nuclear: el HS-5001SD y el HS-5001EZ.<\/li>\n<li>El SD \u200b\u200bGauge posee sistemas de operaci\u00f3n, recolecci\u00f3n de datos y procesamiento m\u00e1s eficientes debido a su tecnolog\u00eda de punta. Su pantalla t\u00e1ctil y otras funciones est\u00e1n dise\u00f1adas para hacerle la vida m\u00e1s f\u00e1cil.<\/li>\n<li>\u00a0El medidor EZ est\u00e1 dise\u00f1ado para aplicaciones m\u00e1s duras y exigentes. F\u00e1cil de usar y preciso, este medidor es perfecto para cualquier operaci\u00f3n r\u00e1pida.<\/li>\n<\/ul>\n<p><strong>Aplicaciones<\/strong><br \/>\n<b>Est\u00e1ndares<\/b><\/p>\n<p>Nuclear Density Gauge &#8211; HS-5001SD:<a href=\"https:\/\/www.humboldtmfg.com\/nuclear-density-gauge-hs-5001sd.html\"> SD Gauge<\/a><br \/>\nNuclear Density Gauge &#8211; HS-5001EZ: <a href=\"https:\/\/www.humboldtmfg.com\/nuclear-gauge-hs-5001ez.html\">EZ gauge<\/a><\/p>\n","protected":false},"excerpt":{"rendered":"<p>Los medidores nucleares son uno de los m\u00e9todos m\u00e1s precisos utilizados para medir el contenido de humedad y la densidad de suelos, agregados y otros materiales. Estas mediciones se utilizan para construir carreteras y presas, y para recopilar datos cient\u00edficos sobre el contenido de agua del suelo en entornos agr\u00edcolas y forestales.<\/p>\n","protected":false},"featured_media":3968,"comment_status":"closed","ping_status":"closed","template":"","meta":{"_et_pb_use_builder":"","_et_pb_old_content":"","_et_gb_content_width":"","_joinchat":[]},"product_brand":[],"product_cat":[70],"product_tag":[44],"class_list":{"0":"post-2913","1":"product","2":"type-product","3":"status-publish","4":"has-post-thumbnail","6":"product_cat-suelos","7":"product_tag-humboldt","9":"first","10":"instock","11":"shipping-taxable","12":"product-type-simple"},"_links":{"self":[{"href":"http:\/\/embrion.com.py\/fisc\/wp-json\/wp\/v2\/product\/2913","targetHints":{"allow":["GET"]}}],"collection":[{"href":"http:\/\/embrion.com.py\/fisc\/wp-json\/wp\/v2\/product"}],"about":[{"href":"http:\/\/embrion.com.py\/fisc\/wp-json\/wp\/v2\/types\/product"}],"replies":[{"embeddable":true,"href":"http:\/\/embrion.com.py\/fisc\/wp-json\/wp\/v2\/comments?post=2913"}],"wp:featuredmedia":[{"embeddable":true,"href":"http:\/\/embrion.com.py\/fisc\/wp-json\/wp\/v2\/media\/3968"}],"wp:attachment":[{"href":"http:\/\/embrion.com.py\/fisc\/wp-json\/wp\/v2\/media?parent=2913"}],"wp:term":[{"taxonomy":"product_brand","embeddable":true,"href":"http:\/\/embrion.com.py\/fisc\/wp-json\/wp\/v2\/product_brand?post=2913"},{"taxonomy":"product_cat","embeddable":true,"href":"http:\/\/embrion.com.py\/fisc\/wp-json\/wp\/v2\/product_cat?post=2913"},{"taxonomy":"product_tag","embeddable":true,"href":"http:\/\/embrion.com.py\/fisc\/wp-json\/wp\/v2\/product_tag?post=2913"}],"curies":[{"name":"wp","href":"https:\/\/api.w.org\/{rel}","templated":true}]}}