{"id":2909,"date":"2022-12-19T19:30:49","date_gmt":"2022-12-19T22:30:49","guid":{"rendered":"https:\/\/fisc.webparaguay.com\/?post_type=product&#038;p=2909"},"modified":"2024-04-08T16:06:35","modified_gmt":"2024-04-08T20:06:35","slug":"rotavapor-r-300","status":"publish","type":"product","link":"http:\/\/embrion.com.py\/fisc\/producto\/rotavapores\/rotavapor-r-300\/","title":{"rendered":"Rotavapor\u00ae R-300"},"content":{"rendered":"<ul>\n<li>Dimensiones (An x Pr x Al) con vidrieria en V: 607 x 429 x 947 mm<\/li>\n<li>Peso: 13.5 kg (Elevador El\u00e9ctrico)<\/li>\n<li>13.0 kg (Elevador Manual)<\/li>\n<li>Fuente de alimentaci\u00f3n: 100 \u2013 240 VAC \u00b1 10%<\/li>\n<li>El consumo de energ\u00eda: 100 W<\/li>\n<li>Frecuencia: 50\/60 Hz<\/li>\n<li>Protecci\u00f3n: IP21<\/li>\n<li>\u00c1ngulo de inmersi\u00f3n: 10 \u2013 50\u00b0<\/li>\n<li>Rango de ajuste vertical: 220 mm<\/li>\n<li>Rango de ajuste de detecci\u00f3n de posici\u00f3n l\u00edmite:\n<ul>\n<li>170 mm (Elevador El\u00e9ctrico)<\/li>\n<li>100 mm (Elevador Manual)<\/li>\n<\/ul>\n<\/li>\n<li>Rango de velocidad de rotaci\u00f3n: 10 \u2013 280 rpm<\/li>\n<li>M\u00e1xima temperatura del ba\u00f1o calefactor: 220\u00b0C<\/li>\n<li>Max. capacidad del matraz: 3 kg<\/li>\n<li>Aprobaci\u00f3n: CE\/CSA<\/li>\n<\/ul>\n<p>&nbsp;<\/p>\n<p><strong>Beneficios y ventajas\u00a0<\/strong><\/p>\n<ul>\n<li>Control preciso de funcionamiento con indicaci\u00f3n digital integrada de temperatura de calentamiento, velocidad de rotaci\u00f3n y posici\u00f3n del elevador<\/li>\n<li>Trazabilidad de todos los par\u00e1metros, incluido registro de datos y representaci\u00f3n gr\u00e1fica con la Interfaz I-300 Pro opcional<\/li>\n<li>Aviso inmediato con notificaci\u00f3n push en dispositivos m\u00f3viles en caso de desviaci\u00f3n del proceso (solo con Interfaz I-300 \/ I-300 Pro)<\/li>\n<li>Sencilla ampliaci\u00f3n mediante Plug and Play a un sistema totalmente integrado, con una interfaz central, bomba de vac\u00edo y refrigerador de recirculaci\u00f3n, de acuerdo con sus necesidades<\/li>\n<li>Posibilidad de elegir entre ba\u00f1o calefactor de 5 L a alta temperatura o de 1 L y calentamiento r\u00e1pido<\/li>\n<li>Amplia gama de pr\u00e1cticos accesorios disponible: siete m\u00f3dulos de vidrio distintos, pantalla de seguridad, tapa para el ba\u00f1o calefactor, destilaci\u00f3n autom\u00e1tica y detecci\u00f3n autom\u00e1tica de espuma<\/li>\n<li>Extracci\u00f3n c\u00f3moda del matraz y el conducto de vapor gracias al Combi-Clip de manejo sencillo<\/li>\n<li>F\u00e1cil manejo gracias al elevador ergon\u00f3mico el\u00e9ctrico o manual<\/li>\n<li>Ajuste inmediato de la temperatura de calentamiento y la velocidad de rotaci\u00f3n con perillas de control situadas de forma intuitiva<\/li>\n<\/ul>\n<p><strong>Aplicaci\u00f3n<\/strong><\/p>\n<p><strong>Qu\u00edmica:<\/strong> para aplicaciones cotidianas en los laboratorios de I+D y control de calidad: Concentraci\u00f3n, Reacci\u00f3n de reflujo, Recristalizaci\u00f3n, Sublimaci\u00f3n.<br \/>\n<strong>Evaporaci\u00f3n para Laboratorio An\u00e1lisis Medioambiental:<\/strong> necesario para la preparaci\u00f3n de muestras con fines de control de la contaminaci\u00f3n ambiental: Extracci\u00f3n Soxhlet, Concentraci\u00f3n.<br \/>\n<strong>Acad\u00e9mico\/Educativo:<\/strong> para una gran variedad de aplicaciones en el \u00e1mbito de la formaci\u00f3n acad\u00e9mica: Gama de aplicaciones de evaporaci\u00f3n completa.<br \/>\n<strong>Farmac\u00e9utica:<\/strong> para distintas aplicaciones de control de calidad y f\u00f3rmulas de laboratorio en los departamentos de I+D: Destilaci\u00f3n, Concentraci\u00f3n, Secado<br \/>\n<strong>Alimentaci\u00f3n \/ Bebidas:<\/strong> se utiliza con fines de control de la calidad en el sector de la alimentaci\u00f3n y las bebidas, as\u00ed como para el desarrollo de nuevos ingredientes y componentes: Destilaci\u00f3n, Concentraci\u00f3n,\u00a0Secado.<br \/>\n<strong>Piensos:<\/strong> se utiliza con fines de control de la calidad en el sector de los piensos, as\u00ed como para el desarrollo de nuevos ingredientes y componentes: Destilaci\u00f3n, Concentraci\u00f3n, Secado.<\/p>\n","protected":false},"excerpt":{"rendered":"<p>El Rotavapor\u00ae R-300 es un evaporador rotatorio que permite conseguir destilaciones en una etapa de forma r\u00e1pida y sin da\u00f1ar el producto. La base de este procedimiento es la evaporaci\u00f3n y condensaci\u00f3n de disolventes en un matraz evaporador rotatorio al vac\u00edo. La destilaci\u00f3n al vac\u00edo es m\u00e1s eficiente y no da\u00f1a el producto.<\/p>\n","protected":false},"featured_media":2921,"comment_status":"closed","ping_status":"closed","template":"","meta":{"_et_pb_use_builder":"","_et_pb_old_content":"","_et_gb_content_width":"","_joinchat":[]},"product_brand":[],"product_cat":[67],"product_tag":[19],"class_list":{"0":"post-2909","1":"product","2":"type-product","3":"status-publish","4":"has-post-thumbnail","6":"product_cat-rotavapores","7":"product_tag-buchi","9":"first","10":"instock","11":"shipping-taxable","12":"product-type-simple"},"_links":{"self":[{"href":"http:\/\/embrion.com.py\/fisc\/wp-json\/wp\/v2\/product\/2909","targetHints":{"allow":["GET"]}}],"collection":[{"href":"http:\/\/embrion.com.py\/fisc\/wp-json\/wp\/v2\/product"}],"about":[{"href":"http:\/\/embrion.com.py\/fisc\/wp-json\/wp\/v2\/types\/product"}],"replies":[{"embeddable":true,"href":"http:\/\/embrion.com.py\/fisc\/wp-json\/wp\/v2\/comments?post=2909"}],"wp:featuredmedia":[{"embeddable":true,"href":"http:\/\/embrion.com.py\/fisc\/wp-json\/wp\/v2\/media\/2921"}],"wp:attachment":[{"href":"http:\/\/embrion.com.py\/fisc\/wp-json\/wp\/v2\/media?parent=2909"}],"wp:term":[{"taxonomy":"product_brand","embeddable":true,"href":"http:\/\/embrion.com.py\/fisc\/wp-json\/wp\/v2\/product_brand?post=2909"},{"taxonomy":"product_cat","embeddable":true,"href":"http:\/\/embrion.com.py\/fisc\/wp-json\/wp\/v2\/product_cat?post=2909"},{"taxonomy":"product_tag","embeddable":true,"href":"http:\/\/embrion.com.py\/fisc\/wp-json\/wp\/v2\/product_tag?post=2909"}],"curies":[{"name":"wp","href":"https:\/\/api.w.org\/{rel}","templated":true}]}}