{"id":2907,"date":"2022-12-19T19:30:42","date_gmt":"2022-12-19T19:30:42","guid":{"rendered":"https:\/\/fisc.webparaguay.com\/?post_type=product&#038;p=2907"},"modified":"2024-04-08T16:18:39","modified_gmt":"2024-04-08T20:18:39","slug":"universal-extractor-e-800","status":"publish","type":"product","link":"http:\/\/embrion.com.py\/fisc\/producto\/soxhlet\/universal-extractor-e-800\/","title":{"rendered":"Universal\u00ad Extractor E-800"},"content":{"rendered":"<ul>\n<li>El sensor de protecci\u00f3n del analito supervisa el nivel de disolvente en el vaso de laboratorio e impide que funcione en seco para que el proceso sea m\u00e1s seguro y los analitos sensibles al calor est\u00e9n bien protegidos.<\/li>\n<li>El condensador grande captura vapores de manera eficiente y garantiza la m\u00e1xima tasa de recuperaci\u00f3n del disolvente (&gt; 90 %), incluso de los disolventes vol\u00e1tiles. Las emisiones de vapores se eliminan y permiten el funcionamiento fuera de la campana de humos.<\/li>\n<li>La totalidad del proceso de extracci\u00f3n es visible. Se puede acceder a los m\u00f3dulos de vidrio, desmontarlos y limpiarlos f\u00e1cilmente, y se pueden descontaminar en un horno (horneado a +450 \u00b0C).<\/li>\n<li>El m\u00f3dulo de vidrio LSV, con una c\u00e1mara de extracci\u00f3n y un vaso de laboratorio m\u00e1s grandes, permite utilizar las grandes cantidades de muestra que son necesarias para lograr el l\u00edmite de detecci\u00f3n del analito requerido. Los principales componentes de vidrio LSV son un 60 % m\u00e1s grandes.<\/li>\n<\/ul>\n<p><strong>Beneficios y Ventajas<\/strong><\/p>\n<ul>\n<li><strong>M\u00faltiples tareas<\/strong><br \/>\nSeis posiciones de extracci\u00f3n distintas permiten controlar cada uno de los procesos y ejecutar simult\u00e1neamente diferentes procedimientos de extracci\u00f3n. El UniversalExtractor E-800, potente e ideal para procesos multitarea, le permite desarrollar m\u00e9todos con m\u00e1s rapidez e impulsar su rendimiento.<\/li>\n<li><strong>Sensor de protecci\u00f3n del analito<\/strong><br \/>\nObtenga los m\u00e1ximos \u00edndices de recuperaci\u00f3n del analito gracias a una funci\u00f3n exclusiva de protecci\u00f3n del analito, garantiza un nivel de disolvente m\u00ednimo en el matraz de vaso en todo momento. El UniversalExtractor E-800 evita el deterioro y la degradaci\u00f3n de los analitos sensibles al calor durante todas las etapas del proceso y garantiza una concentraci\u00f3n del extracto segura y reproducible.<\/li>\n<li><strong>Condiciones completamente inertes y m\u00e1xima seguridad para el analito<\/strong><br \/>\nTodos los componentes del UniversalExtractor E-800 que est\u00e1n en contacto con la muestra y los disolventes est\u00e1n fabricados con materiales completamente inertes. Con nuestro sistema, puede evitar los riesgos asociados a la contaminaci\u00f3n de las muestras y cualquier efecto de memoria derivado de materiales lixiviantes. El suministro de gas inerte, que se puede seleccionar en todas las etapas del proceso (extracci\u00f3n, enjuague, secado), protege el analito frente a la oxidaci\u00f3n. El gas inerte se activa autom\u00e1ticamente si se acciona el sensor de protecci\u00f3n del analito.<\/li>\n<\/ul>\n<p><strong>Aplicaci\u00f3n<\/strong><\/p>\n<ul>\n<li><strong>An\u00e1lisis del Medio Ambiente<\/strong><br \/>\nContaminantes org\u00e1nicos persistentes (COP) \/ Hidrocarburos totales de petr\u00f3leo (HTP) \/ Productos farmac\u00e9uticos y de cuidado personal (PFCP) \/ Compuestos org\u00e1nicos vol\u00e1tiles (COV) \/ Explosivos<\/li>\n<li><strong>Sustancias Qu\u00edmicas<\/strong><br \/>\nPol\u00edmeros: aditivos (plastificantes, estabilizadores, etc.) \/ Contaminaci\u00f3n \/Fracci\u00f3n de ramificaci\u00f3n Productos textiles: tintes \/ Residuos: compuestos perfluorinados (PFC), ftalatos, parafinas cloradas, formaldeh\u00eddo \/ Contaminantes: pesticidas, BPC, HAP<\/li>\n<li><strong>Sector Farmac\u00e9utico<\/strong><br \/>\nNutrac\u00e9uticos \/ Complementos diet\u00e9ticos y a base de hierbas \/ Toxinas vegetales \/ Control de reactivos activos.<\/li>\n<\/ul>\n<p>&nbsp;<\/p>\n","protected":false},"excerpt":{"rendered":"<p>Potente y perfecto para multitarea<br \/>\nUniversalExtractor E-800 es id\u00f3neo para cualquier tarea de extracci\u00f3n exigente. Seis posiciones de extracci\u00f3n distintas permiten el control de cada uno de los procesos y la ejecuci\u00f3n simult\u00e1nea de 6 procedimientos de extracci\u00f3n diferentes m\u00e1s r\u00e1pida y reproducible.<\/p>\n","protected":false},"featured_media":2919,"comment_status":"closed","ping_status":"closed","template":"","meta":{"_et_pb_use_builder":"","_et_pb_old_content":"","_et_gb_content_width":"","_joinchat":[]},"product_brand":[],"product_cat":[65],"product_tag":[19],"class_list":{"0":"post-2907","1":"product","2":"type-product","3":"status-publish","4":"has-post-thumbnail","6":"product_cat-soxhlet","7":"product_tag-buchi","9":"first","10":"instock","11":"shipping-taxable","12":"product-type-simple"},"_links":{"self":[{"href":"http:\/\/embrion.com.py\/fisc\/wp-json\/wp\/v2\/product\/2907","targetHints":{"allow":["GET"]}}],"collection":[{"href":"http:\/\/embrion.com.py\/fisc\/wp-json\/wp\/v2\/product"}],"about":[{"href":"http:\/\/embrion.com.py\/fisc\/wp-json\/wp\/v2\/types\/product"}],"replies":[{"embeddable":true,"href":"http:\/\/embrion.com.py\/fisc\/wp-json\/wp\/v2\/comments?post=2907"}],"wp:featuredmedia":[{"embeddable":true,"href":"http:\/\/embrion.com.py\/fisc\/wp-json\/wp\/v2\/media\/2919"}],"wp:attachment":[{"href":"http:\/\/embrion.com.py\/fisc\/wp-json\/wp\/v2\/media?parent=2907"}],"wp:term":[{"taxonomy":"product_brand","embeddable":true,"href":"http:\/\/embrion.com.py\/fisc\/wp-json\/wp\/v2\/product_brand?post=2907"},{"taxonomy":"product_cat","embeddable":true,"href":"http:\/\/embrion.com.py\/fisc\/wp-json\/wp\/v2\/product_cat?post=2907"},{"taxonomy":"product_tag","embeddable":true,"href":"http:\/\/embrion.com.py\/fisc\/wp-json\/wp\/v2\/product_tag?post=2907"}],"curies":[{"name":"wp","href":"https:\/\/api.w.org\/{rel}","templated":true}]}}