{"id":2859,"date":"2022-12-19T19:22:46","date_gmt":"2022-12-19T19:22:46","guid":{"rendered":"https:\/\/fisc.webparaguay.com\/?post_type=product&#038;p=2859"},"modified":"2024-07-26T20:31:47","modified_gmt":"2024-07-27T00:31:47","slug":"polarimetro-para-laboratorio-y-formacion-p1000-led","status":"publish","type":"product","link":"http:\/\/embrion.com.py\/fisc\/producto\/polarimetros\/polarimetro-para-laboratorio-y-formacion-p1000-led\/","title":{"rendered":"Polar\u00edmetro para laboratorio y formaci\u00f3n P1000-LED"},"content":{"rendered":"<ul>\n<li>Aplicaciones b\u00e1sicas de laboratorio<\/li>\n<li>C\u00e1mara de muestras para tubos de medici\u00f3n con una longitud de hasta 220 mm<\/li>\n<li>Requiere poco mantenimiento gracias a un LED de alto rendimiento cuya vida \u00fatil es hasta 2000 veces mayor que la de las l\u00e1mparas de descarga de sodio convencionales.<\/li>\n<li>El volumen de entrega incluye dos tubos de medici\u00f3n (100 y 200 mm de longitud) con desburbujeador para el correcto llenado.<\/li>\n<li>Puede ser validado gracias a la posibilidad de recibir placas de control de cuarzo para la calibraci\u00f3n y ajuste.<\/li>\n<\/ul>\n<p><strong>Ventajas y beneficios<\/strong><\/p>\n<ul>\n<li>Medici\u00f3n r\u00e1pida y confiable<\/li>\n<li>Medici\u00f3n de la rotaci\u00f3n \u00f3ptica seg\u00fan el principio de semisombra<\/li>\n<li>Los resultados se leen a trav\u00e9s de un ocular y dos nonios.<\/li>\n<li>Puede ser validado<\/li>\n<li>Este sencillo dispositivo anal\u00f3gico tambi\u00e9n se puede validar.<\/li>\n<li>La c\u00e1mara de muestra est\u00e1 adaptada para recibir nuestras placas de control de cuarzo para la calibraci\u00f3n y el ajuste.<\/li>\n<li>F\u00e1cil llenado y limpieza<\/li>\n<li>Tubos de medici\u00f3n adecuados para cualquier tipo de muestra<\/li>\n<li>Se pueden utilizar varias longitudes de tubo<\/li>\n<li>Materiales resistentes a los productos qu\u00edmicos y f\u00e1ciles de limpiar<\/li>\n<li>Bajo mantenimiento<\/li>\n<li>LED de alto rendimiento cuya vida \u00fatil es hasta 2000 veces mayor que la de las l\u00e1mparas de descarga de sodio convencionales<\/li>\n<li>Carcasa de metal de alta calidad<\/li>\n<li>Cumplimiento de est\u00e1ndares globales<\/li>\n<li>Farmacopeas (USP, BP, JP, Ph. Eur.)<\/li>\n<li>ASMA<\/li>\n<li>ICUMSA<\/li>\n<li>NIST<\/li>\n<\/ul>\n<p><strong>Aplicaci\u00f3n<\/strong><\/p>\n<ul>\n<li>Aplicaciones t\u00edpicas<\/li>\n<li>Hospitales y farmacias:<\/li>\n<li>Inspecci\u00f3n de mercanc\u00edas entrantes\/salientes<\/li>\n<li>Control de productos farmac\u00e9uticos seg\u00fan farmacopeas<\/li>\n<li>Formaci\u00f3n en la industria o en universidades:<\/li>\n<li>Uso para ejercicios pr\u00e1cticos y experimentos:<\/li>\n<li>Cin\u00e9tica de la inversi\u00f3n de az\u00facar de ca\u00f1a<\/li>\n<li>Mutarotaci\u00f3n de la glucosa<\/li>\n<li>Determinaci\u00f3n de la concentraci\u00f3n de polisac\u00e1ridos mediante amil\u00f3lisis<\/li>\n<li>Una visi\u00f3n general completa de las aplicaciones t\u00edpicas con los polar\u00edmetros de la serie P8000 se puede encontrar en nuestro art\u00edculo del campus sobre aplicaciones de polar\u00edmetros.<\/li>\n<\/ul>\n<p>https:\/\/www.kruess.com\/campus\/polarimetrie\/polarimeter-anwendungen\/<\/p>\n","protected":false},"excerpt":{"rendered":"<p>El polar\u00edmetro P1000-LED se utiliza en el laboratorio, la industria y la investigaci\u00f3n para medir una amplia gama de muestras, por ejemplo. medicamentos, materias primas y auxiliares. Hemos agrupado nuestra experiencia en una visi\u00f3n general de las muestras que se pueden medir con nuestros instrumentos.<\/p>\n<p>Imprescindible para la docencia y la formaci\u00f3n<br \/>\nNumerosas empresas e institutos utilizan nuestro polar\u00edmetro P1000-LED para aplicaciones b\u00e1sicas de laboratorio y formaci\u00f3n, por ejemplo, el experimento de inversi\u00f3n de sacarosa. Mide la rotaci\u00f3n \u00f3ptica seg\u00fan el principio de media sombra y los resultados de la medici\u00f3n se leen a trav\u00e9s de un ocular y dos nonios.<\/p>\n","protected":false},"featured_media":3975,"comment_status":"open","ping_status":"closed","template":"","meta":{"_et_pb_use_builder":"","_et_pb_old_content":"","_et_gb_content_width":"","_joinchat":[]},"product_brand":[],"product_cat":[63],"product_tag":[39],"class_list":{"0":"post-2859","1":"product","2":"type-product","3":"status-publish","4":"has-post-thumbnail","6":"product_cat-polarimetros","7":"product_tag-a-kruss","9":"first","10":"instock","11":"shipping-taxable","12":"product-type-simple"},"_links":{"self":[{"href":"http:\/\/embrion.com.py\/fisc\/wp-json\/wp\/v2\/product\/2859","targetHints":{"allow":["GET"]}}],"collection":[{"href":"http:\/\/embrion.com.py\/fisc\/wp-json\/wp\/v2\/product"}],"about":[{"href":"http:\/\/embrion.com.py\/fisc\/wp-json\/wp\/v2\/types\/product"}],"replies":[{"embeddable":true,"href":"http:\/\/embrion.com.py\/fisc\/wp-json\/wp\/v2\/comments?post=2859"}],"wp:featuredmedia":[{"embeddable":true,"href":"http:\/\/embrion.com.py\/fisc\/wp-json\/wp\/v2\/media\/3975"}],"wp:attachment":[{"href":"http:\/\/embrion.com.py\/fisc\/wp-json\/wp\/v2\/media?parent=2859"}],"wp:term":[{"taxonomy":"product_brand","embeddable":true,"href":"http:\/\/embrion.com.py\/fisc\/wp-json\/wp\/v2\/product_brand?post=2859"},{"taxonomy":"product_cat","embeddable":true,"href":"http:\/\/embrion.com.py\/fisc\/wp-json\/wp\/v2\/product_cat?post=2859"},{"taxonomy":"product_tag","embeddable":true,"href":"http:\/\/embrion.com.py\/fisc\/wp-json\/wp\/v2\/product_tag?post=2859"}],"curies":[{"name":"wp","href":"https:\/\/api.w.org\/{rel}","templated":true}]}}