{"id":2849,"date":"2022-12-19T19:22:19","date_gmt":"2022-12-19T19:22:19","guid":{"rendered":"https:\/\/fisc.webparaguay.com\/?post_type=product&#038;p=2849"},"modified":"2024-07-26T19:57:56","modified_gmt":"2024-07-26T23:57:56","slug":"refractometros-digitales-con-automatizacion-dr6000-tf","status":"publish","type":"product","link":"http:\/\/embrion.com.py\/fisc\/producto\/refractometros\/refractometros-digitales-con-automatizacion-dr6000-tf\/","title":{"rendered":"Refract\u00f3metros digitales"},"content":{"rendered":"<ul>\n<li>Manejo a trav\u00e9s de pantalla t\u00e1ctil capacitiva con unidad de procesamiento r\u00e1pido.<\/li>\n<li>La superficie de vidrio se puede operar con guantes y limpiar con disolventes.<\/li>\n<li>Posibilidad de informes de datos con logotipo propio.<\/li>\n<li>Medici\u00f3n incluso de muestras turbias o muy viscosas.<\/li>\n<li>Medici\u00f3n con entrada manual del tiempo de medici\u00f3n o tiempo de medici\u00f3n optimizado gracias al reconocimiento autom\u00e1tico de la estabilidad.<\/li>\n<li>M\u00faltiples mediciones con promedio.<\/li>\n<li>Registro de todos los datos de medici\u00f3n, as\u00ed como de los ajustes del sistema y del m\u00e9todo en el registrador de datos de medici\u00f3n a prueba de manipulaciones.<\/li>\n<li>Posibilidad de an\u00e1lisis estad\u00edstico.<\/li>\n<li>Suministro de muestras manual, semiautom\u00e1tico o totalmente autom\u00e1tico.<\/li>\n<li>Materiales resistentes a los productos qu\u00edmicos, como el prisma de medici\u00f3n de zafiro, la bandeja de medici\u00f3n de acero inoxidable cumplimiento de las normas: GMP\/GLP, Farmacopeas (USP, BP, JP, Ph. Eur.), FDA, ISO, HACCP, OIML, ASTM, ICUMSA, NIST<\/li>\n<\/ul>\n<p><strong>Modelos<\/strong><\/p>\n<ul style=\"font-weight: 400;\">\n<li data-leveltext=\"\uf0b7\" data-font=\"Symbol\" data-listid=\"33\" data-list-defn-props=\"{&quot;335552541&quot;:1,&quot;335559684&quot;:-2,&quot;335559685&quot;:720,&quot;335559991&quot;:360,&quot;469769226&quot;:&quot;Symbol&quot;,&quot;469769242&quot;:[8226],&quot;469777803&quot;:&quot;left&quot;,&quot;469777804&quot;:&quot;\uf0b7&quot;,&quot;469777815&quot;:&quot;hybridMultilevel&quot;}\" aria-setsize=\"-1\" data-aria-posinset=\"8\" data-aria-level=\"1\"><a href=\"http:\/\/high%20precision%20digital%20refractometers%20with%20temperature%20compensation%20(kruess.com)\/\"><span data-contrast=\"none\">DR6000<\/span><\/a><span data-ccp-props=\"{&quot;201341983&quot;:0,&quot;335559739&quot;:160,&quot;335559740&quot;:259,&quot;469777462&quot;:[2445],&quot;469777927&quot;:[0],&quot;469777928&quot;:[1]}\">\u00a0<\/span><\/li>\n<li data-leveltext=\"\uf0b7\" data-font=\"Symbol\" data-listid=\"33\" data-list-defn-props=\"{&quot;335552541&quot;:1,&quot;335559684&quot;:-2,&quot;335559685&quot;:720,&quot;335559991&quot;:360,&quot;469769226&quot;:&quot;Symbol&quot;,&quot;469769242&quot;:[8226],&quot;469777803&quot;:&quot;left&quot;,&quot;469777804&quot;:&quot;\uf0b7&quot;,&quot;469777815&quot;:&quot;hybridMultilevel&quot;}\" aria-setsize=\"-1\" data-aria-posinset=\"9\" data-aria-level=\"1\"><a href=\"http:\/\/dr6000-t%20-%20digital%20refractometers%20with%20peltier%20temperature%20control%20(kruess.com)\/\"><span data-contrast=\"none\">DR6000-T<\/span><\/a><span data-ccp-props=\"{&quot;201341983&quot;:0,&quot;335559739&quot;:160,&quot;335559740&quot;:259,&quot;469777462&quot;:[2445],&quot;469777927&quot;:[0],&quot;469777928&quot;:[1]}\">\u00a0<\/span><\/li>\n<li data-leveltext=\"\uf0b7\" data-font=\"Symbol\" data-listid=\"33\" data-list-defn-props=\"{&quot;335552541&quot;:1,&quot;335559684&quot;:-2,&quot;335559685&quot;:720,&quot;335559991&quot;:360,&quot;469769226&quot;:&quot;Symbol&quot;,&quot;469769242&quot;:[8226],&quot;469777803&quot;:&quot;left&quot;,&quot;469777804&quot;:&quot;\uf0b7&quot;,&quot;469777815&quot;:&quot;hybridMultilevel&quot;}\" aria-setsize=\"-1\" data-aria-posinset=\"10\" data-aria-level=\"1\"><a href=\"http:\/\/digital%20refractometer%20with%20flow-through%20cell%20and%20temperature%20control%20(kruess.com)\/\"><span data-contrast=\"none\">DR6000-TF<\/span><\/a><span data-ccp-props=\"{&quot;201341983&quot;:0,&quot;335559739&quot;:160,&quot;335559740&quot;:259,&quot;469777462&quot;:[2445],&quot;469777927&quot;:[0],&quot;469777928&quot;:[1]}\">\u00a0<\/span><\/li>\n<\/ul>\n<p><strong>Ventajas y beneficios<\/strong><\/p>\n<ul>\n<li>Operaci\u00f3n intuitiva.<\/li>\n<li>Pantalla t\u00e1ctil de \u00faltima generaci\u00f3n.<\/li>\n<li>Funcionamiento uniforme de todos los dispositivos de laboratorio A.KR\u00dcSS.<\/li>\n<li>Muestra el valor medido en dos unidades de medida.<\/li>\n<li>Botones de velocidad de libre asignaci\u00f3n para las funciones m\u00e1s importantes.<\/li>\n<li>Ajuste guiado por men\u00fa f\u00e1cil de entender.<\/li>\n<li>Se pueden seleccionar seis idiomas (de, en, es, fr, it, pt).<\/li>\n<li>Medici\u00f3n r\u00e1pida y confiable.<\/li>\n<li>Medici\u00f3n de muestras incluso turbias o muy viscosas.<\/li>\n<li>Medici\u00f3n con entrada de tiempo de medici\u00f3n manual o tiempo de medici\u00f3n optimizado gracias al reconocimiento autom\u00e1tico de estabilidad.<\/li>\n<li>Varias medidas con promediado.<\/li>\n<li>An\u00e1lisis estad\u00edstico.<\/li>\n<li>F\u00e1cil llenado y limpieza.<\/li>\n<li>Peque\u00f1o volumen de muestra aprox. 0,3 ml.<\/li>\n<li>Suministro de muestras manual, semiautom\u00e1tico o completamente autom\u00e1tico.<\/li>\n<li>Materiales resistentes a productos qu\u00edmicos como prisma de medici\u00f3n de zafiro, bandeja de medici\u00f3n de acero inoxidable.<\/li>\n<li>Procesos de limpieza libremente configurables (para dispositivos con funciones de flujo continuo).<\/li>\n<li>Secado semiautom\u00e1tico o completamente autom\u00e1tico (opcional).<\/li>\n<li>N\u00famero ilimitado de m\u00e9todos.<\/li>\n<li>Modos de medici\u00f3n: mediciones individuales, continuas o por intervalos.<\/li>\n<li>Par\u00e1metros del m\u00e9todo como escalas, temperatura, compensaci\u00f3n de temperatura, suministro de muestra, valores l\u00edmite, comentarios.<\/li>\n<li>Opci\u00f3n de alarma para monitorizar los valores l\u00edmite de est\u00e1ndares y muestras.<\/li>\n<li>Escalas predefinidas como% Brix sacarosa,% Brix az\u00facar invertido,% Brix glucosa,% Brix fructosa.<\/li>\n<li>M\u00e1s de 100 escalas adicionales disponibles bajo pedido.<\/li>\n<li>Cualquier n\u00famero de escalas libremente definibles con conversiones basadas en tablas o f\u00f3rmulas como m%, Vol .-%, g \/ cm\u00b3, \u00b0 Oe, sustancia seca, salinidad y% BRIX.<\/li>\n<li>Administraci\u00f3n de usuarios inteligente.<\/li>\n<li>Puede activarse o desactivarse seg\u00fan sea necesario.<\/li>\n<li>Diferentes niveles de autorizaci\u00f3n.<\/li>\n<li>Configuraci\u00f3n de perfiles de usuario.<\/li>\n<li>Configuraciones personalizadas para diferentes usuarios o grupos de trabajo.<\/li>\n<li>Documentaci\u00f3n completa de los valores medidos.<\/li>\n<li>Registra todos los datos medidos, as\u00ed como las selecciones de sistemas o m\u00e9todos en un almacenamiento de datos medidos a prueba de manipulaciones.<\/li>\n<li>Pista de auditor\u00eda para registrar cambios en la configuraci\u00f3n.<\/li>\n<li>Reportes de datos con logo propio<\/li>\n<\/ul>\n","protected":false},"excerpt":{"rendered":"<p><span class=\"TextRun SCXW246469778 BCX8\" lang=\"ES-MX\" xml:lang=\"ES-MX\" data-contrast=\"auto\"><span class=\"NormalTextRun SCXW246469778 BCX8\">Nuestra serie DR6000 de refract\u00f3metros digitales ofrece resultados de medici\u00f3n altamente precisos y reproducibles, ofrece un trabajo semiautom\u00e1tico y totalmente autom\u00e1tico, y se integra f\u00e1cilmente en los flujos de trabajo de laboratorio existentes.<\/span><\/span><span class=\"EOP SCXW246469778 BCX8\" data-ccp-props=\"{&quot;201341983&quot;:0,&quot;335559685&quot;:720,&quot;335559739&quot;:160,&quot;335559740&quot;:259,&quot;469777462&quot;:[2445],&quot;469777927&quot;:[0],&quot;469777928&quot;:[1]}\">\u00a0<\/span><\/p>\n","protected":false},"featured_media":3977,"comment_status":"open","ping_status":"closed","template":"","meta":{"_et_pb_use_builder":"","_et_pb_old_content":"","_et_gb_content_width":"","_joinchat":[]},"product_brand":[],"product_cat":[62],"product_tag":[39],"class_list":{"0":"post-2849","1":"product","2":"type-product","3":"status-publish","4":"has-post-thumbnail","6":"product_cat-refractometros","7":"product_tag-a-kruss","9":"first","10":"instock","11":"shipping-taxable","12":"product-type-simple"},"_links":{"self":[{"href":"http:\/\/embrion.com.py\/fisc\/wp-json\/wp\/v2\/product\/2849","targetHints":{"allow":["GET"]}}],"collection":[{"href":"http:\/\/embrion.com.py\/fisc\/wp-json\/wp\/v2\/product"}],"about":[{"href":"http:\/\/embrion.com.py\/fisc\/wp-json\/wp\/v2\/types\/product"}],"replies":[{"embeddable":true,"href":"http:\/\/embrion.com.py\/fisc\/wp-json\/wp\/v2\/comments?post=2849"}],"wp:featuredmedia":[{"embeddable":true,"href":"http:\/\/embrion.com.py\/fisc\/wp-json\/wp\/v2\/media\/3977"}],"wp:attachment":[{"href":"http:\/\/embrion.com.py\/fisc\/wp-json\/wp\/v2\/media?parent=2849"}],"wp:term":[{"taxonomy":"product_brand","embeddable":true,"href":"http:\/\/embrion.com.py\/fisc\/wp-json\/wp\/v2\/product_brand?post=2849"},{"taxonomy":"product_cat","embeddable":true,"href":"http:\/\/embrion.com.py\/fisc\/wp-json\/wp\/v2\/product_cat?post=2849"},{"taxonomy":"product_tag","embeddable":true,"href":"http:\/\/embrion.com.py\/fisc\/wp-json\/wp\/v2\/product_tag?post=2849"}],"curies":[{"name":"wp","href":"https:\/\/api.w.org\/{rel}","templated":true}]}}