{"id":2842,"date":"2022-12-19T19:22:17","date_gmt":"2022-12-19T19:22:17","guid":{"rendered":"https:\/\/fisc.webparaguay.com\/?post_type=product&#038;p=2842"},"modified":"2024-04-16T07:45:15","modified_gmt":"2024-04-16T11:45:15","slug":"epsilon-xflow","status":"publish","type":"product","link":"http:\/\/embrion.com.py\/fisc\/producto\/fluorescencia-de-rayos-x\/epsilon-xflow\/","title":{"rendered":"Epsilon Xflow"},"content":{"rendered":"<ul>\n<li>Tubo de rayos X de 15 W, detector SDD de alta resoluci\u00f3n Opciones de purga (para operar en zonas reguladas por ATEX).<\/li>\n<li>Una celda de flujo: la configuraci\u00f3n se adapta a los procesos del cliente.<\/li>\n<li>2 salidas anal\u00f3gicas adicionales.<\/li>\n<li>Correcci\u00f3n de deriva automatizada para un funcionamiento estable a largo plazo.<\/li>\n<li>Opciones de comunicaci\u00f3n remota.<\/li>\n<li>Computadora incorporada, operada con pantalla t\u00e1ctil Temperaturas de operaci\u00f3n extendidas.<\/li>\n<li>Cambio directo de v\u00e1lvula.<\/li>\n<li>8 salidas de transistor y 2 salidas de rel\u00e9 aisladas.<\/li>\n<li>2 salidas anal\u00f3gicas (4 \u2013 20 mA) para funcionamiento independiente.<\/li>\n<\/ul>\n<p><strong>Beneficios y ventajas\u00a0<\/strong><\/p>\n<ul>\n<li>Visi\u00f3n directa de su proceso de producci\u00f3n.<\/li>\n<li>El an\u00e1lisis de l\u00edquidos en l\u00ednea con Epsilon Xflow brinda la soluci\u00f3n para un control r\u00e1pido y preciso de los par\u00e1metros de su proceso. El aumento de las regulaciones y las especificaciones de calidad impulsan la necesidad de un flujo continuo del proceso.<\/li>\n<li>El Epsilon Xflow permite una visi\u00f3n en tiempo real para administrar sus procesos de producci\u00f3n de manera m\u00e1s eficiente y reducir los costos operativos.<\/li>\n<li>An\u00e1lisis simult\u00e1neo de elementos m\u00faltiples.<\/li>\n<li>Resultados en tiempo real.<\/li>\n<li>Tecnolog\u00eda EDXRF l\u00edder.<\/li>\n<li>Alta repetibilidad.<\/li>\n<li>El espectr\u00f3metro Epsilon Xflow se ofrece con soluciones personalizadas para industrias espec\u00edficas como petroqu\u00edmicos, pol\u00edmeros, miner\u00eda, metales, alimentos y medio ambiente.<\/li>\n<\/ul>\n<p><strong>Aplicaci\u00f3nes<\/strong><\/p>\n<ul>\n<li><strong>Nitidez de mezcla para combustibles y aceites de lubricaci\u00f3n<\/strong><br \/>\nEn las operaciones de refinamiento de petr\u00f3leo, la reducci\u00f3n de excesos de azufre se puede alcanzar mediante la mejora de la nitidez de mezcla para el cumplimiento de Tier 3, Euro VI y otras regulaciones ambientales. La excelente repetibilidad con bajos niveles de azufre, visualizados en el diagrama, garantiza una combinaci\u00f3n m\u00e1s n\u00edtida y, con ello, menos excesos.<\/li>\n<li><strong>Monitoreo de l\u00edquidos y alcoholes durante el procesamiento de minerales<\/strong><br \/>\nEl procesamiento de minerales y concentrados requiere un monitoreo frecuente y preciso para garantizar la m\u00e1s alta eficiencia y los costos m\u00ednimos. El Epsilon Xflow permite un control en l\u00ednea de la composici\u00f3n de l\u00edquidos, alcoholes, reactivos del procesamiento en condiciones de proceso complejas.<\/li>\n<li><strong>Control de aguas residuales de minas<\/strong><br \/>\nPara mantener la huella ambiental al m\u00ednimo y proteger la vida en torno a las operaciones mineras de elementos da\u00f1inos, la supervisi\u00f3n en l\u00ednea constante de la calidad del agua residual de la mina es obligatoria. El Epsilon Xflow puede detectar trazas de metales t\u00f3xicos y otros elementos que permiten neutralizaciones inmediatas para evitar da\u00f1os ambientales.<\/li>\n<li><strong>Supervisi\u00f3n de minerales clave en productos alimentarios l\u00edquidos<\/strong><br \/>\nEl enriquecimiento de nutrientes y minerales son pasos esenciales durante la producci\u00f3n de muchos productos alimentarios. El enriquecimiento preciso combinado con una mezcla homog\u00e9nea garantizar\u00e1 que el producto final siempre cumpla con lo que indica su etiqueta. Epsilon Xflow ofrece supervisi\u00f3n en l\u00ednea de minerales clave controlados en productos l\u00edquidos, incluidos el potasio, el calcio y el hierro.<\/li>\n<li><strong>An\u00e1lisis en tiempo real de alcoholes y reactivos durante el procesamiento de minerales<\/strong><br \/>\nPara extraer minerales, como el cobre, n\u00edquel y el uranio de los minerales, se usan l\u00edquidos agresivos y, a menudo, muy \u00e1cidos. El Epsilon Xflow puede lidiar con condiciones de proceso complejas a la vez que ofrece la precisi\u00f3n y la estabilidad necesarias en per\u00edodos m\u00e1s extensos de funcionamiento. Cuando se detectan impurezas extra\u00f1as, la capacidad para varios elementos del analizador permite neutralizar r\u00e1pidamente. El analizador en l\u00ednea cuenta con retroalimentaci\u00f3n directa y precisa del proceso de lixiviaci\u00f3n y ahorra reactivos costosos a fin de reducir los costos del procesamiento por cada tonelada de material.<\/li>\n<\/ul>\n<p>&nbsp;<\/p>\n","protected":false},"excerpt":{"rendered":"<p>El an\u00e1lisis de l\u00edquidos en l\u00ednea con Epsilon Xflow ofrece la soluci\u00f3n para un control r\u00e1pido y preciso de los par\u00e1metros de su proceso. El aumento de las regulaciones y las especificaciones de calidad generan la necesidad de un flujo de proceso continuo. El Epsilon Xflow permite obtener un conocimiento en tiempo real para gestionar sus procesos de producci\u00f3n de manera m\u00e1s eficiente y reducir los costos operacionales.<\/p>\n","protected":false},"featured_media":2885,"comment_status":"closed","ping_status":"closed","template":"","meta":{"_et_pb_use_builder":"","_et_pb_old_content":"","_et_gb_content_width":"","_joinchat":[]},"product_brand":[],"product_cat":[57],"product_tag":[25],"class_list":{"0":"post-2842","1":"product","2":"type-product","3":"status-publish","4":"has-post-thumbnail","6":"product_cat-fluorescencia-de-rayos-x","7":"product_tag-malvern-panalytical","9":"first","10":"instock","11":"shipping-taxable","12":"product-type-simple"},"_links":{"self":[{"href":"http:\/\/embrion.com.py\/fisc\/wp-json\/wp\/v2\/product\/2842","targetHints":{"allow":["GET"]}}],"collection":[{"href":"http:\/\/embrion.com.py\/fisc\/wp-json\/wp\/v2\/product"}],"about":[{"href":"http:\/\/embrion.com.py\/fisc\/wp-json\/wp\/v2\/types\/product"}],"replies":[{"embeddable":true,"href":"http:\/\/embrion.com.py\/fisc\/wp-json\/wp\/v2\/comments?post=2842"}],"wp:featuredmedia":[{"embeddable":true,"href":"http:\/\/embrion.com.py\/fisc\/wp-json\/wp\/v2\/media\/2885"}],"wp:attachment":[{"href":"http:\/\/embrion.com.py\/fisc\/wp-json\/wp\/v2\/media?parent=2842"}],"wp:term":[{"taxonomy":"product_brand","embeddable":true,"href":"http:\/\/embrion.com.py\/fisc\/wp-json\/wp\/v2\/product_brand?post=2842"},{"taxonomy":"product_cat","embeddable":true,"href":"http:\/\/embrion.com.py\/fisc\/wp-json\/wp\/v2\/product_cat?post=2842"},{"taxonomy":"product_tag","embeddable":true,"href":"http:\/\/embrion.com.py\/fisc\/wp-json\/wp\/v2\/product_tag?post=2842"}],"curies":[{"name":"wp","href":"https:\/\/api.w.org\/{rel}","templated":true}]}}