{"id":2772,"date":"2022-12-19T19:13:18","date_gmt":"2022-12-19T19:13:18","guid":{"rendered":"https:\/\/fisc.webparaguay.com\/?post_type=product&amp;p=2772"},"modified":"2022-12-19T19:13:18","modified_gmt":"2022-12-19T19:13:18","slug":"camara-incubadora-con-agitacion-orbital-shaker-ma420","status":"publish","type":"product","link":"http:\/\/embrion.com.py\/fisc\/producto\/equipamientos-laboratoriales\/camara-incubadora-con-agitacion-orbital-shaker-ma420\/","title":{"rendered":"C\u00e1mara Incubadora con Agitaci\u00f3n Orbital (Shaker) MA420"},"content":{"rendered":"<h2 class=\"western\" lang=\"af-ZA\"><span style=\"font-family: Arial, serif;\"><span style=\"font-size: medium;\">Datos T\u00e9cnicos<\/span><\/span><\/h2>\n<ul>\n<li><span style=\"font-family: Times New Roman, serif;\"><span style=\"font-size: medium;\"><span style=\"font-family: Arial, serif;\"><span lang=\"af-ZA\"><b>Estructura:\u00a0<\/b><\/span><\/span><span style=\"font-family: Arial, serif;\"><span lang=\"af-ZA\">carcasa en chapa\u00a0de acero con\u00a0tratamiento anticorrosivo y pintura electrost\u00e1tica en epoxi<\/span><\/span><\/span><\/span><\/li>\n<li><span style=\"font-family: Times New Roman, serif;\"><span style=\"font-size: medium;\"><span style=\"font-family: Arial, serif;\"><span lang=\"af-ZA\"><b>\u00c1rea de trabajo:\u00a0<\/b><\/span><\/span><span style=\"font-family: Arial, serif;\"><span lang=\"af-ZA\">en chapa de acero inoxidable AISI 304 y vidrio templado<\/span><\/span><\/span><\/span><\/li>\n<li><span style=\"font-family: Times New Roman, serif;\"><span style=\"font-size: medium;\"><span style=\"font-family: Arial, serif;\"><span lang=\"af-ZA\"><b>Dimensiones interiores (mm):<\/b><\/span><\/span><span style=\"font-family: Arial, serif;\"><span lang=\"af-ZA\">\u00a0A=440 x P=600 x Al=400<\/span><\/span><\/span><\/span><\/li>\n<li><span style=\"font-family: Times New Roman, serif;\"><span style=\"font-size: medium;\"><span style=\"font-family: Arial, serif;\"><span lang=\"af-ZA\"><b>Dimensiones exteriores (mm):<\/b><\/span><\/span><span style=\"font-family: Arial, serif;\"><span lang=\"af-ZA\">\u00a0A=460 x P=640 x Al=760<\/span><\/span><\/span><\/span><\/li>\n<li><span style=\"font-family: Times New Roman, serif;\"><span style=\"font-size: medium;\"><span style=\"font-family: Arial, serif;\"><span lang=\"af-ZA\"><b>Instalaci\u00f3n:<\/b><\/span><\/span><span style=\"font-family: Arial, serif;\"><span lang=\"af-ZA\">\u00a0en mesa<\/span><\/span><\/span><\/span><\/li>\n<li><span style=\"font-family: Times New Roman, serif;\"><span style=\"font-size: medium;\"><span style=\"font-family: Arial, serif;\"><span lang=\"af-ZA\"><b>Controlador de temperatura:\u00a0<\/b><\/span><\/span><span style=\"font-family: Arial, serif;\"><span lang=\"af-ZA\">microprocesado PID, con precisi\u00f3n de \u00b10,1\u00baC e indicador digital, sensor PT100<\/span><\/span><\/span><\/span><\/li>\n<li><span style=\"font-family: Times New Roman, serif;\"><span style=\"font-size: medium;\"><span style=\"font-family: Arial, serif;\"><span lang=\"af-ZA\"><b>Temperatura de trabajo:\u00a0<\/b><\/span><\/span><span style=\"font-family: Arial, serif;\"><span lang=\"af-ZA\">hasta\u00a070\u00baC<\/span><\/span><\/span><\/span><\/li>\n<li><span style=\"font-family: Times New Roman, serif;\"><span style=\"font-size: medium;\"><span style=\"font-family: Arial, serif;\"><span lang=\"af-ZA\"><b>Agitaci\u00f3n:\u00a0<\/b><\/span><\/span><span style=\"font-family: Arial, serif;\"><span lang=\"af-ZA\">orbital motorizada con \u00f3rbita de 12 mm<\/span><\/span><\/span><\/span><\/li>\n<li><span style=\"font-family: Times New Roman, serif;\"><span style=\"font-size: medium;\"><span style=\"font-family: Arial, serif;\"><span lang=\"af-ZA\"><b>Motor:<\/b><\/span><\/span><span style=\"font-family: Arial, serif;\"><span lang=\"af-ZA\">\u00a0de inducci\u00f3n con convertidor de frecuencia microprocesado e indicador de rpm digital<\/span><\/span><\/span><\/span><\/li>\n<li><span style=\"font-family: Times New Roman, serif;\"><span style=\"font-size: medium;\"><span style=\"font-family: Arial, serif;\"><span lang=\"af-ZA\"><b>Velocidad de agitaci\u00f3n:\u00a0<\/b><\/span><\/span><span style=\"font-family: Arial, serif;\"><span lang=\"af-ZA\">ajustable de 0 a 300 rpm<\/span><\/span><\/span><\/span><\/li>\n<li><span style=\"font-family: Times New Roman, serif;\"><span style=\"font-size: medium;\"><span style=\"font-family: Arial, serif;\"><span lang=\"af-ZA\"><b>Plataforma:<\/b><\/span><\/span><span style=\"font-family: Arial, serif;\"><span lang=\"af-ZA\">\u00a0de agitaci\u00f3n intercambiable con varias opciones de volumen y cantidad de frascos<\/span><\/span><\/span><\/span><\/li>\n<li><span style=\"font-family: Times New Roman, serif;\"><span style=\"font-size: medium;\"><span style=\"font-family: Arial, serif;\"><span lang=\"af-ZA\"><b>Garras:\u00a0<\/b><\/span><\/span><span style=\"font-family: Arial, serif;\"><span lang=\"af-ZA\">con efecto resorte en acero inoxidable AISI 304, para 24 erlenmeyers de 250 ml o a su elecci\u00f3n<\/span><\/span><\/span><\/span><\/li>\n<li><span style=\"font-family: Times New Roman, serif;\"><span style=\"font-size: medium;\"><span style=\"font-family: Arial, serif;\"><span lang=\"af-ZA\"><b>Temporizaci\u00f3n<\/b><\/span><\/span><span style=\"font-family: Arial, serif;\"><span lang=\"af-ZA\">: timer electr\u00f3nico digital microprocesado, programable de 9 s a 9999 horas, lectura digital<\/span><\/span><\/span><\/span><\/li>\n<li><span style=\"font-family: Times New Roman, serif;\"><span style=\"font-size: medium;\"><span style=\"font-family: Arial, serif;\"><span lang=\"af-ZA\"><b>Homogeneizaci\u00f3n:<\/b><\/span><\/span><span style=\"font-family: Arial, serif;\"><span lang=\"af-ZA\">\u00a0sistema de circulaci\u00f3n de aire forzado en la c\u00e1mara<\/span><\/span><\/span><\/span><\/li>\n<li><span style=\"font-family: Times New Roman, serif;\"><span style=\"font-size: medium;\"><span style=\"font-family: Arial, serif;\"><span lang=\"af-ZA\"><b>Alimentaci\u00f3n:<\/b><\/span><\/span><span style=\"font-family: Arial, serif;\"><span lang=\"af-ZA\">\u00a0220V<\/span><\/span><\/span><\/span><\/li>\n<li><span style=\"font-family: Times New Roman, serif;\"><span style=\"font-size: medium;\"><span style=\"font-family: Arial, serif;\"><span lang=\"af-ZA\"><b>Art\u00edculos configurables bajo pedido:\u00a0<\/b><\/span><\/span><span style=\"font-family: Arial, serif;\"><span lang=\"af-ZA\">alcance de temperatura, c\u00e1mara en acero inoxidable AISI 304, volumen de la c\u00e1mara, plataformas \/ erlenmeyers: 27x125ml, 24x250ml, 12x500ml, 8x1000ml, 6x2000ml, 2x4000ml, 2x6000ml.<\/span><\/span><\/span><\/span><\/li>\n<\/ul>\n","protected":false},"excerpt":{"rendered":"<p><span style=\"font-family: Times New Roman, serif;\"><span style=\"font-size: medium;\"><span style=\"font-family: Arial, serif;\"><span style=\"font-size: small;\"><span lang=\"af-ZA\">Equipo aplicable a pruebas que requieren agitaci\u00f3n orbital constante y temperatura controlada con variaci\u00f3n m\u00ednima entre temperatura ambiente +7\u00baC a 70\u00b0C, posibilitando diversas variaciones ambientales, especialmente en laboratorios de biolog\u00eda, microbiolog\u00eda, biotecnolog\u00eda, fermentaci\u00f3n, desarrollo de hongos, calentamiento de plantas in vitro, entre otros.<\/span><\/span><\/span><\/span><\/span><\/p>\n","protected":false},"featured_media":2811,"comment_status":"closed","ping_status":"closed","template":"","meta":{"_et_pb_use_builder":"","_et_pb_old_content":"","_et_gb_content_width":"","_joinchat":[]},"product_brand":[],"product_cat":[52],"product_tag":[53],"class_list":{"0":"post-2772","1":"product","2":"type-product","3":"status-publish","4":"has-post-thumbnail","6":"product_cat-equipamientos-laboratoriales","7":"product_tag-marconi","9":"first","10":"instock","11":"shipping-taxable","12":"product-type-simple"},"_links":{"self":[{"href":"http:\/\/embrion.com.py\/fisc\/wp-json\/wp\/v2\/product\/2772","targetHints":{"allow":["GET"]}}],"collection":[{"href":"http:\/\/embrion.com.py\/fisc\/wp-json\/wp\/v2\/product"}],"about":[{"href":"http:\/\/embrion.com.py\/fisc\/wp-json\/wp\/v2\/types\/product"}],"replies":[{"embeddable":true,"href":"http:\/\/embrion.com.py\/fisc\/wp-json\/wp\/v2\/comments?post=2772"}],"wp:featuredmedia":[{"embeddable":true,"href":"http:\/\/embrion.com.py\/fisc\/wp-json\/wp\/v2\/media\/2811"}],"wp:attachment":[{"href":"http:\/\/embrion.com.py\/fisc\/wp-json\/wp\/v2\/media?parent=2772"}],"wp:term":[{"taxonomy":"product_brand","embeddable":true,"href":"http:\/\/embrion.com.py\/fisc\/wp-json\/wp\/v2\/product_brand?post=2772"},{"taxonomy":"product_cat","embeddable":true,"href":"http:\/\/embrion.com.py\/fisc\/wp-json\/wp\/v2\/product_cat?post=2772"},{"taxonomy":"product_tag","embeddable":true,"href":"http:\/\/embrion.com.py\/fisc\/wp-json\/wp\/v2\/product_tag?post=2772"}],"curies":[{"name":"wp","href":"https:\/\/api.w.org\/{rel}","templated":true}]}}