{"id":2757,"date":"2022-12-19T19:12:46","date_gmt":"2022-12-19T19:12:46","guid":{"rendered":"https:\/\/fisc.webparaguay.com\/?post_type=product&amp;p=2757"},"modified":"2022-12-19T19:12:46","modified_gmt":"2022-12-19T19:12:46","slug":"agitador-oscilante-para-frascos-ma244-ihm","status":"publish","type":"product","link":"http:\/\/embrion.com.py\/fisc\/producto\/equipamientos-laboratoriales\/agitador-oscilante-para-frascos-ma244-ihm\/","title":{"rendered":"Agitador oscilante para frascos MA244\/IHM"},"content":{"rendered":"<p><span style=\"font-family: Arial, serif;\"><span style=\"font-size: medium;\">Datos t\u00e9cnicos:<\/span><\/span><\/p>\n<ul>\n<li>\n<p lang=\"af-ZA\"><span style=\"font-family: Arial, serif;\"><span style=\"font-size: medium;\"><b>Estructura:<\/b><\/span><\/span><\/p>\n<\/li>\n<\/ul>\n<ul>\n<li>\n<p lang=\"af-ZA\"><span style=\"font-family: Arial, serif;\"><span style=\"font-size: medium;\">Carcasa en chapa de acero 1020, con tratamiento anticorrosivo y pintura electrost\u00e1tica en epoxi<\/span><\/span><\/p>\n<\/li>\n<li>\n<p lang=\"af-ZA\"><span style=\"font-family: Arial, serif;\"><span style=\"font-size: medium;\">Dimensiones en mm.: a=700 x p=500 x al=450<\/span><\/span><\/p>\n<\/li>\n<li>\n<p lang=\"af-ZA\"><span style=\"font-family: Arial, serif;\"><span style=\"font-size: medium;\">Para instalaci\u00f3n en mesa<\/span><\/span><\/p>\n<\/li>\n<\/ul>\n<ul>\n<li>\n<p lang=\"af-ZA\"><span style=\"font-family: Arial, serif;\"><span style=\"font-size: medium;\"><b>Agitaci\u00f3n:<\/b><\/span><\/span><\/p>\n<\/li>\n<\/ul>\n<ul>\n<li>\n<p lang=\"af-ZA\"><span style=\"font-family: Arial, serif;\"><span style=\"font-size: medium;\">Velocidad de agitaci\u00f3n con regulaci\u00f3n electr\u00f3nica hasta 255 oscilaciones por minuto = 510 bpm, con inversor de frecuencia<\/span><\/span><\/p>\n<\/li>\n<li>\n<p lang=\"af-ZA\"><span style=\"font-family: Arial, serif;\"><span style=\"font-size: medium;\">\u00c1ngulo de inclinaci\u00f3n: regulaci\u00f3n manual de 0 a 20 grados<\/span><\/span><\/p>\n<\/li>\n<li>\n<p lang=\"af-ZA\"><span style=\"font-family: Arial, serif;\"><span style=\"font-size: medium;\">Ejes laterales con 2 garras dobles en acero inoxidable aisi 304 revestidas con material antideslizante, acepta frascos shoth de hasta 1000 ml, con tapa a rosca.<\/span><\/span><\/p>\n<\/li>\n<li>\n<p lang=\"af-ZA\"><span style=\"font-family: Arial, serif;\"><span style=\"font-size: medium;\">Motor de inducci\u00f3n<\/span><\/span><\/p>\n<\/li>\n<li>\n<p lang=\"af-ZA\"><span style=\"font-family: Arial, serif;\"><span style=\"font-size: medium;\">Cojinetes con rodamientos blindados<\/span><\/span><\/p>\n<\/li>\n<\/ul>\n<ul>\n<li>\n<p lang=\"af-ZA\"><span style=\"font-family: Arial, serif;\"><span style=\"font-size: medium;\"><b>Ihm:<\/b><\/span><\/span><\/p>\n<\/li>\n<\/ul>\n<ul>\n<li>\n<p lang=\"af-ZA\"><span style=\"font-family: Arial, serif;\"><span style=\"font-size: medium;\">Para control del ciclo y repetici\u00f3n del ciclo seg\u00fan programaci\u00f3n del operador<\/span><\/span><\/p>\n<\/li>\n<li>\n<p lang=\"af-ZA\"><span style=\"font-family: Arial, serif;\"><span style=\"font-size: medium;\">Saldr\u00e1 de f\u00e1brica con programaci\u00f3n de 85 bpm en 10 segundos, detiene el funcionamiento por 60 segundos y recomienza el ciclo, hasta 30 veces (u otro programa seg\u00fan pedido del cliente).<\/span><\/span><\/p>\n<\/li>\n<li>\n<p lang=\"af-ZA\"><span style=\"font-family: Arial, serif;\"><span style=\"font-size: medium;\">Tendr\u00e1 dos programas m\u00e1s libres para generaci\u00f3n de nuevos procesos.<\/span><\/span><\/p>\n<\/li>\n<\/ul>\n<ul>\n<li>\n<p lang=\"af-ZA\"><span style=\"font-family: Arial, serif;\"><span style=\"font-size: medium;\"><b>Energ\u00eda:<\/b><\/span><\/span><\/p>\n<\/li>\n<\/ul>\n<ul>\n<li>\n<p lang=\"af-ZA\"><span style=\"font-family: Arial, serif;\"><span style=\"font-size: medium;\">Cable de energ\u00eda trifilar con polo a tierra, doble aislaci\u00f3n, con tomacorriente y enchufe de tres pines, seg\u00fan nbr nm 243 y nbr 14136<\/span><\/span><\/p>\n<\/li>\n<li>\n<p lang=\"af-ZA\"><span style=\"font-family: Arial, serif;\"><span style=\"font-size: medium;\">220 volts, 60 hz.<\/span><\/span><\/p>\n<\/li>\n<\/ul>\n","protected":false},"excerpt":{"rendered":"<p><span style=\"font-family: Times New Roman, serif;\"><span style=\"font-size: medium;\"><span style=\"font-family: Arial, serif;\"><span style=\"font-size: small;\"><span lang=\"af-ZA\">Aplicaci\u00f3n: para homogeneizaci\u00f3n de resinas termofijas bicomponentes.<\/span><\/span><\/span><\/span><\/span><\/p>\n","protected":false},"featured_media":2803,"comment_status":"closed","ping_status":"closed","template":"","meta":{"_et_pb_use_builder":"","_et_pb_old_content":"","_et_gb_content_width":"","_joinchat":[]},"product_brand":[],"product_cat":[52],"product_tag":[53],"class_list":{"0":"post-2757","1":"product","2":"type-product","3":"status-publish","4":"has-post-thumbnail","6":"product_cat-equipamientos-laboratoriales","7":"product_tag-marconi","9":"first","10":"instock","11":"shipping-taxable","12":"product-type-simple"},"_links":{"self":[{"href":"http:\/\/embrion.com.py\/fisc\/wp-json\/wp\/v2\/product\/2757","targetHints":{"allow":["GET"]}}],"collection":[{"href":"http:\/\/embrion.com.py\/fisc\/wp-json\/wp\/v2\/product"}],"about":[{"href":"http:\/\/embrion.com.py\/fisc\/wp-json\/wp\/v2\/types\/product"}],"replies":[{"embeddable":true,"href":"http:\/\/embrion.com.py\/fisc\/wp-json\/wp\/v2\/comments?post=2757"}],"wp:featuredmedia":[{"embeddable":true,"href":"http:\/\/embrion.com.py\/fisc\/wp-json\/wp\/v2\/media\/2803"}],"wp:attachment":[{"href":"http:\/\/embrion.com.py\/fisc\/wp-json\/wp\/v2\/media?parent=2757"}],"wp:term":[{"taxonomy":"product_brand","embeddable":true,"href":"http:\/\/embrion.com.py\/fisc\/wp-json\/wp\/v2\/product_brand?post=2757"},{"taxonomy":"product_cat","embeddable":true,"href":"http:\/\/embrion.com.py\/fisc\/wp-json\/wp\/v2\/product_cat?post=2757"},{"taxonomy":"product_tag","embeddable":true,"href":"http:\/\/embrion.com.py\/fisc\/wp-json\/wp\/v2\/product_tag?post=2757"}],"curies":[{"name":"wp","href":"https:\/\/api.w.org\/{rel}","templated":true}]}}