{"id":2738,"date":"2022-12-19T19:12:13","date_gmt":"2022-12-19T19:12:13","guid":{"rendered":"https:\/\/fisc.webparaguay.com\/?post_type=product&#038;p=2738"},"modified":"2024-07-26T21:23:48","modified_gmt":"2024-07-27T01:23:48","slug":"maquina-de-prueba-universal-servohidraulica-25kn","status":"publish","type":"product","link":"http:\/\/embrion.com.py\/fisc\/producto\/equipos-de-ensayos-fisicos\/maquina-de-prueba-universal-servohidraulica-25kn\/","title":{"rendered":"M\u00e1quina de prueba universal servohidr\u00e1ulica 25kN"},"content":{"rendered":"<ul>\n<li><span style=\"font-family: Arial, serif;\"><span style=\"font-size: medium;\">Carga m\u00e1xima: 25 kN<\/span><\/span><\/li>\n<li><span style=\"font-family: Arial, serif;\"><span style=\"font-size: medium;\">Transductor de carga: Variable dependiente de la capacidad<\/span><\/span><\/li>\n<li><span style=\"font-family: Arial, serif;\"><span style=\"font-size: medium;\">Carrera del actuador: 2\u2019\u2019 (50 mm)<\/span><\/span><\/li>\n<li><span style=\"font-family: Arial, serif;\"><span style=\"font-size: medium;\">Rango de frecuencia: 0 a 70 Hz<\/span><\/span><\/li>\n<li><span style=\"font-family: Arial, serif;\"><span style=\"font-size: medium;\">Suministro el\u00e9ctrico: Trif\u00e1sico 415 V, 50 Hz, 16A<\/span><\/span><\/li>\n<li><span style=\"font-family: Arial, serif;\"><span style=\"font-size: medium;\">Dimensiones del marco y del gabinete (WxDxH): 39\u2019\u2019x 51\u2019\u2019 x 94,5\u2019\u2019 (1000 x 1300 x 2400 mm)<\/span><\/span><\/li>\n<li><span style=\"font-family: Arial, serif;\"><span style=\"font-size: medium;\">Dimensiones de la unidad de alimentaci\u00f3n (WxDxH): 25\u2019\u2019x 23\u2019\u2019 x 35\u2019\u2019 (630 x 580 x 890 mm)<\/span><\/span><\/li>\n<li><span style=\"font-family: Arial, serif;\"><span style=\"font-size: medium;\">Espacio de trabajo (WxDxH): 43\u2019\u2019 x 90,5\u2019\u2019 x 102\u2019\u2019 (1100 x 2300 x 2600 mm)<\/span><\/span><\/li>\n<li><span style=\"font-family: Arial, serif;\"><span style=\"font-size: medium;\">PC de escritorio: Incluido<\/span><\/span><\/li>\n<\/ul>\n<p><strong>Ventajas y beneficios<\/strong><\/p>\n<ul>\n<li>Dise\u00f1ado para realizar una variedad de pruebas en materiales de pavimentaci\u00f3n asf\u00e1ltica, suelos de subrasante y materiales de subbase granulares<\/li>\n<li>Actuador hidr\u00e1ulico de doble acci\u00f3n con clasificaci\u00f3n de fatiga con transductor de carrera integral<\/li>\n<li>Servov\u00e1lvula de estrella con &#8216;Tecnolog\u00eda Sapphire&#8217;<\/li>\n<li>Cruceta inferior ajustable motorizada con sujeci\u00f3n hidr\u00e1ulica autom\u00e1tica del bastidor<\/li>\n<li>gabinete integral programable con control de temperatura<\/li>\n<li>Emitido con certificado de calibraci\u00f3n acreditado por UKAS para EN 12697-24; EN 12697-25, EN 12697-26<\/li>\n<li>Accesorios disponibles para realizar una variedad de m\u00e9todos de prueba est\u00e1ndar y no est\u00e1ndar<\/li>\n<\/ul>\n<p><strong>Aplicaciones<\/strong><br \/>\n<strong>Est\u00e1ndares<\/strong><br \/>\nAASHTO TP31<br \/>\nAASHTO TP62<br \/>\nAASHTO TP79<br \/>\nAASHTO TP 105<br \/>\nAASHTO TP124<br \/>\nAASHTO T307<br \/>\nAASHTO T322<br \/>\nAASHTO T342<br \/>\nNCHRP 9-19<br \/>\nEN 12697-24 Anexo E<br \/>\nEN12697-25 M\u00e9todo A y B<br \/>\nEN 12697-26 Anexo C y E<\/p>\n","protected":false},"excerpt":{"rendered":"<p>La m\u00e1quina de prueba universal servohidr\u00e1ulica es una m\u00e1quina econ\u00f3mica y bien dise\u00f1ada, desarrollada espec\u00edficamente para la prueba de materiales utilizados en la construcci\u00f3n de pavimentos.<\/p>\n","protected":false},"featured_media":2779,"comment_status":"closed","ping_status":"closed","template":"","meta":{"_et_pb_use_builder":"","_et_pb_old_content":"","_et_gb_content_width":"","_joinchat":[]},"product_brand":[],"product_cat":[51],"product_tag":[44],"class_list":{"0":"post-2738","1":"product","2":"type-product","3":"status-publish","4":"has-post-thumbnail","6":"product_cat-equipos-de-ensayos-fisicos","7":"product_tag-humboldt","9":"first","10":"instock","11":"shipping-taxable","12":"product-type-simple"},"_links":{"self":[{"href":"http:\/\/embrion.com.py\/fisc\/wp-json\/wp\/v2\/product\/2738","targetHints":{"allow":["GET"]}}],"collection":[{"href":"http:\/\/embrion.com.py\/fisc\/wp-json\/wp\/v2\/product"}],"about":[{"href":"http:\/\/embrion.com.py\/fisc\/wp-json\/wp\/v2\/types\/product"}],"replies":[{"embeddable":true,"href":"http:\/\/embrion.com.py\/fisc\/wp-json\/wp\/v2\/comments?post=2738"}],"wp:featuredmedia":[{"embeddable":true,"href":"http:\/\/embrion.com.py\/fisc\/wp-json\/wp\/v2\/media\/2779"}],"wp:attachment":[{"href":"http:\/\/embrion.com.py\/fisc\/wp-json\/wp\/v2\/media?parent=2738"}],"wp:term":[{"taxonomy":"product_brand","embeddable":true,"href":"http:\/\/embrion.com.py\/fisc\/wp-json\/wp\/v2\/product_brand?post=2738"},{"taxonomy":"product_cat","embeddable":true,"href":"http:\/\/embrion.com.py\/fisc\/wp-json\/wp\/v2\/product_cat?post=2738"},{"taxonomy":"product_tag","embeddable":true,"href":"http:\/\/embrion.com.py\/fisc\/wp-json\/wp\/v2\/product_tag?post=2738"}],"curies":[{"name":"wp","href":"https:\/\/api.w.org\/{rel}","templated":true}]}}