{"id":2735,"date":"2022-12-19T19:12:12","date_gmt":"2022-12-19T19:12:12","guid":{"rendered":"https:\/\/fisc.webparaguay.com\/?post_type=product&#038;p=2735"},"modified":"2024-07-26T21:21:56","modified_gmt":"2024-07-27T01:21:56","slug":"maquina-de-compresion-humboldt-1112-kn","status":"publish","type":"product","link":"http:\/\/embrion.com.py\/fisc\/producto\/equipos-de-ensayos-fisicos\/maquina-de-compresion-humboldt-1112-kn\/","title":{"rendered":"M\u00e1quina de compresi\u00f3n Humboldt 1,112 kN"},"content":{"rendered":"<ul>\n<li><span style=\"font-family: Arial, serif;\"><span style=\"font-size: medium;\">Apertura vertical \u2013 19,375\u2019\u2019 (492 mm)<\/span><\/span><\/li>\n<li><span style=\"font-family: Arial, serif;\"><span style=\"font-size: medium;\">Apertura horizontal \u2013 9,25\u2019\u2019 (235 mm)<\/span><\/span><\/li>\n<li><span style=\"font-family: Arial, serif;\"><span style=\"font-size: medium;\">Carrera del pist\u00f3n \u2013 2,5\u2019\u2019 (63,5 mm)<\/span><\/span><\/li>\n<li><span style=\"font-family: Arial, serif;\"><span style=\"font-size: medium;\">Plato inferior, di\u00e1metro \u2013 6,5\u2019\u2019 (165 mm) \u00f8<\/span><\/span><\/li>\n<li><span style=\"font-family: Arial, serif;\"><span style=\"font-size: medium;\">Plato superior, di\u00e1metro \u2013 6.5\u2019\u2019 (165 mm)<\/span><\/span><\/li>\n<li><span style=\"font-family: Arial, serif;\"><span style=\"font-size: medium;\">Tapa del dep\u00f3sito de aceite \u2013 2 gal (7,6 litros)<\/span><\/span><\/li>\n<li><span style=\"font-family: Arial, serif;\"><span style=\"font-size: medium;\">Ancho total \u2013 27\u2019\u2019 (686 mm)<\/span><\/span><\/li>\n<li><span style=\"font-family: Arial, serif;\"><span style=\"font-size: medium;\">Profundidad total \u2013 17\u2019\u2019 (432 mm)<\/span><\/span><\/li>\n<li><span style=\"font-family: Arial, serif;\"><span style=\"font-size: medium;\">Altura total \u2013 56,312\u2019\u2019 (1430 mm)<\/span><\/span><\/li>\n<\/ul>\n<p><span style=\"font-family: Times New Roman, serif;\"><span style=\"font-size: medium;\"><b><span style=\"font-family: Arial, serif;\">Ventajas y beneficios<\/span><\/b><\/span><\/span><\/p>\n<ul>\n<li><span style=\"font-family: Times New Roman, serif;\"><span style=\"font-size: medium;\"><span style=\"font-family: Arial, serif;\">Adecuado para cilindros, cubos, vigas y n\u00facleos de mezclas de hormig\u00f3n de resistencia est\u00e1ndar<\/span><\/span><\/span><\/li>\n<li><span style=\"font-family: Times New Roman, serif;\"><span style=\"font-size: medium;\"><span style=\"font-family: Arial, serif;\">Rango de prueba de 11 a 1,112 kN con una precisi\u00f3n de \u00b1 0.5% de la carga indicada<\/span><\/span><\/span><\/li>\n<li><span style=\"font-family: Times New Roman, serif;\"><span style=\"font-size: medium;\"><span style=\"font-family: Arial, serif;\">Adecuado para una resistencia de concreto de hasta 7.000 psi para cilindros de 6\u2019\u2019 de di\u00e1metro<\/span><\/span><\/span><\/li>\n<li><span style=\"font-family: Times New Roman, serif;\"><span style=\"font-size: medium;\"><span style=\"font-family: Arial, serif;\">La configuraci\u00f3n est\u00e1ndar incluye platos para probar cilindros de 6\u2019\u2019 x 12\u2019\u2019 (150 mm x 300 mm).<\/span><\/span><\/span><\/li>\n<li><span style=\"font-family: Times New Roman, serif;\"><span style=\"font-size: medium;\"><span style=\"font-family: Arial, serif;\">Tres opciones de control digital<\/span><\/span><\/span><\/li>\n<li><span style=\"font-family: Times New Roman, serif;\"><span style=\"font-size: medium;\"><span style=\"font-family: Arial, serif;\">Platos de prueba y accesorios opcionales disponibles<\/span><\/span><\/span><\/li>\n<li><span style=\"font-family: Times New Roman, serif;\"><span style=\"font-size: medium;\"><span style=\"font-family: Arial, serif;\">Puertas protectoras de acero, no de pl\u00e1stico.<\/span><\/span><\/span><\/li>\n<li><span style=\"font-family: Times New Roman, serif;\"><span style=\"font-size: medium;\"><span style=\"font-family: Arial, serif;\">El soporte de montaje NO est\u00e1 incluido<\/span><\/span><\/span><\/li>\n<\/ul>\n<p><strong>Aplicaciones<\/strong><br \/>\n<strong>Est\u00e1ndares<\/strong><br \/>\n<a href=\"https:\/\/www.humboldtmfg.com\/astm\/C1073.html\">ASTM C1073<\/a><br \/>\n<a href=\"https:\/\/www.humboldtmfg.com\/astm\/C109.html\">ASTM C109<\/a><br \/>\n<a href=\"https:\/\/www.humboldtmfg.com\/astm\/C140.html\">ASTM C140<\/a><br \/>\n<a href=\"https:\/\/www.humboldtmfg.com\/astm\/C39.html\">ASTM C39<\/a><br \/>\n<a href=\"https:\/\/www.humboldtmfg.com\/astm\/C87.html\">ASTM C87<\/a><br \/>\n<a href=\"https:\/\/www.humboldtmfg.com\/astm\/C496.html\">ASTM C496<\/a><br \/>\n<a href=\"https:\/\/www.humboldtmfg.com\/astm\/C469.html\">ASTM C469<\/a><br \/>\n<a href=\"https:\/\/www.humboldtmfg.com\/astm\/C496.html\">ASTM C496<\/a><br \/>\n<a href=\"https:\/\/www.humboldtmfg.com\/astm\/C39.html\">ASTM C39<\/a><br \/>\n<a href=\"https:\/\/www.humboldtmfg.com\/astm\/C87.html\">ASTM C87<\/a><br \/>\n<a href=\"https:\/\/www.humboldtmfg.com\/astm\/C109.html\">ASTM C109<\/a><br \/>\n<a href=\"https:\/\/www.humboldtmfg.com\/astm\/C140.html\">ASTM C140<\/a><br \/>\n<a href=\"https:\/\/www.humboldtmfg.com\/astm\/C469.html\">ASTM C469<\/a><br \/>\n<a href=\"https:\/\/www.humboldtmfg.com\/astm\/C1073.html\">ASTM C1073<\/a><\/p>\n","protected":false},"excerpt":{"rendered":"<p><span style=\"font-family: Arial, serif;\"><span style=\"font-size: medium;\">Rango de prueba de 2500 hasta 250,000 lbf (11 hasta 1112kN)<\/span><\/span><\/p>\n","protected":false},"featured_media":2776,"comment_status":"closed","ping_status":"closed","template":"","meta":{"_et_pb_use_builder":"","_et_pb_old_content":"","_et_gb_content_width":"","_joinchat":[]},"product_brand":[],"product_cat":[51],"product_tag":[44],"class_list":{"0":"post-2735","1":"product","2":"type-product","3":"status-publish","4":"has-post-thumbnail","6":"product_cat-equipos-de-ensayos-fisicos","7":"product_tag-humboldt","9":"first","10":"instock","11":"shipping-taxable","12":"product-type-simple"},"_links":{"self":[{"href":"http:\/\/embrion.com.py\/fisc\/wp-json\/wp\/v2\/product\/2735","targetHints":{"allow":["GET"]}}],"collection":[{"href":"http:\/\/embrion.com.py\/fisc\/wp-json\/wp\/v2\/product"}],"about":[{"href":"http:\/\/embrion.com.py\/fisc\/wp-json\/wp\/v2\/types\/product"}],"replies":[{"embeddable":true,"href":"http:\/\/embrion.com.py\/fisc\/wp-json\/wp\/v2\/comments?post=2735"}],"wp:featuredmedia":[{"embeddable":true,"href":"http:\/\/embrion.com.py\/fisc\/wp-json\/wp\/v2\/media\/2776"}],"wp:attachment":[{"href":"http:\/\/embrion.com.py\/fisc\/wp-json\/wp\/v2\/media?parent=2735"}],"wp:term":[{"taxonomy":"product_brand","embeddable":true,"href":"http:\/\/embrion.com.py\/fisc\/wp-json\/wp\/v2\/product_brand?post=2735"},{"taxonomy":"product_cat","embeddable":true,"href":"http:\/\/embrion.com.py\/fisc\/wp-json\/wp\/v2\/product_cat?post=2735"},{"taxonomy":"product_tag","embeddable":true,"href":"http:\/\/embrion.com.py\/fisc\/wp-json\/wp\/v2\/product_tag?post=2735"}],"curies":[{"name":"wp","href":"https:\/\/api.w.org\/{rel}","templated":true}]}}