{"id":2721,"date":"2022-12-19T19:11:56","date_gmt":"2022-12-19T19:11:56","guid":{"rendered":"https:\/\/fisc.webparaguay.com\/?post_type=product&#038;p=2721"},"modified":"2024-04-16T08:29:03","modified_gmt":"2024-04-16T12:29:03","slug":"nirflex-n-500-2","status":"publish","type":"product","link":"http:\/\/embrion.com.py\/fisc\/producto\/nir\/nirflex-n-500-2\/","title":{"rendered":"NIRFlex N-500"},"content":{"rendered":"<ul>\n<li>Espectrofot\u00f3metro FT-NIR modular con celdas de medici\u00f3n intercambiables que le permitir\u00e1n acoplarse a diferentes tipos de muestras (s\u00f3lidos, polvos, comprimidos, gr\u00e1nulos, pastas, l\u00edquidos, etc.);<\/li>\n<li>Est\u00e1 dotado con un eficaz interfer\u00f3metro de polarizaci\u00f3n con la ventaja de brindar resultados de resoluci\u00f3n \u00f3ptima y adem\u00e1s evita que las perturbaciones mec\u00e1nicas creen interferencia en el equipo.<\/li>\n<\/ul>\n<p><strong>Beneficios y Ventajas<\/strong><\/p>\n<ul>\n<li><span style=\"font-family: Arial, serif;\"><span style=\"font-size: medium;\"><b>R\u00e1pido, seguro y sencillo<\/b><\/span><\/span><\/li>\n<\/ul>\n<p style=\"padding-left: 40px;\"><span style=\"font-family: Arial, serif;\"><span style=\"font-size: medium;\">El espectr\u00f3metro modular FT-NIR proporciona resultados de varios par\u00e1metros simult\u00e1neamente en cuesti\u00f3n de segundos. El uso del sistema no requiere productos qu\u00edmicos ni disolventes, lo que le ayuda a ahorrar costes y mejorar la seguridad de su proceso. Un manejo sencillo e intuitivo del NIRFlex N-500 se traduce en una experiencia de usuario perfecta.<\/span><\/span><\/p>\n<ul>\n<li><span style=\"font-family: Arial, serif;\"><span style=\"font-size: medium;\"><b>Eficiencia elevada<\/b><\/span><\/span><\/li>\n<\/ul>\n<p style=\"padding-left: 40px;\"><span style=\"font-family: Arial, serif;\"><span style=\"font-size: medium;\">Optimice r\u00e1pidamente su proceso gracias a la obtenci\u00f3n de resultados anal\u00edticos r\u00e1pidos con el NIRFlex N-500. El espectr\u00f3metro modular FT-NIR es una soluci\u00f3n rentable con un bajo coste de propiedad. Puede cambiar las piezas de repuesto comunes sin ayuda y no tiene que volver a calibrar el instrumento peri\u00f3dicamente. Aumente la eficiencia de su proceso gracias al funcionamiento continuo con la protecci\u00f3n de una doble l\u00e1mpara.<\/span><\/span><\/p>\n<ul>\n<li><span style=\"font-family: Arial, serif;\"><span style=\"font-size: medium;\"><b>Fiable y flexible<\/b><\/span><\/span><\/li>\n<\/ul>\n<p style=\"padding-left: 40px;\"><span style=\"font-family: Arial, serif;\"><span style=\"font-size: medium;\">Obtenga resultados precisos y exactos gracias a la longitud de onda de m\u00e1xima precisi\u00f3n de NIRFlex N-500. Transfiera calibraciones de manera directa y sencilla de un instrumento a otro. Analice con precisi\u00f3n distintos tipos de muestras, como s\u00f3lidas, en polvo, en comprimidos, en gr\u00e1nulos, pastas o l\u00edquidas, mediante opciones de medici\u00f3n especializadas.<\/span><\/span><\/p>\n<p><strong>Aplicaci\u00f3n<\/strong><\/p>\n<ul>\n<li><strong>Sector Farmac\u00e9utico<\/strong><br \/>\nConforme a las normas y totalmente validado: identificaci\u00f3n de materias primas, an\u00e1lisis intermedio, prueba de lanzamiento de productos acabados.<\/li>\n<li><strong>Alimentos\/Bebidas<\/strong><br \/>\nControl r\u00e1pido y confiable: composici\u00f3n macroqu\u00edmica, antioxidantes, propiedades f\u00edsicas, actividad acuosa, contaminantes.<\/li>\n<li><strong>Sector Acad\u00e9mico<\/strong><br \/>\nHaga nuevos descubrimientos gracias a las NIRSolutions\u2122 de BUCHI. Le ayudamos en su investigaci\u00f3n con una instrumentaci\u00f3n flexible y nuestros conocimientos de las aplicaciones.<\/li>\n<li><strong>An\u00e1lisis del Medio Ambiente<\/strong><br \/>\nControl de la calidad del suelo y mejora de las t\u00e9cnicas de las energ\u00edas renovables gracias a la medici\u00f3n de la composici\u00f3n qu\u00edmica del suelo, la composici\u00f3n de los fertilizantes, el potencial de generaci\u00f3n de biog\u00e1s de la materias primas biodegradables.<\/li>\n<li><strong>Industria Qu\u00edmica<\/strong><br \/>\nControl de par\u00e1metros importantes como el \u00edndice de hidroxilo, la polimerizaci\u00f3n, la humedad residual, la densidad, el peso molecular.<\/li>\n<li><strong>Piensos y Forrajes<\/strong><br \/>\nPruebas en materias primas y f\u00f3rmulas finales para determinar: la humedad, la prote\u00edna, la fibra, la FDA, la FDN, los amino\u00e1cidos.<\/li>\n<\/ul>\n<p><iframe loading=\"lazy\" title=\"YouTube video player\" src=\"https:\/\/www.youtube.com\/embed\/OvBdtdvIYmg\" width=\"560\" height=\"315\" frameborder=\"0\" allowfullscreen=\"allowfullscreen\"><\/iframe><\/p>\n","protected":false},"excerpt":{"rendered":"<p>El NIRFlex N-500 es el espectr\u00f3metro FT-NIR modular que necesita para obtener resultados fiables para el control de calidad (CC) y la i+D en ciencia aplicada y en diferentes sectores. El NIRFlex N-500 ofrece una amplia gama de celdas de medici\u00f3n y accesorios para obtener un rendimiento flexible.<\/p>\n","protected":false},"featured_media":730,"comment_status":"closed","ping_status":"closed","template":"","meta":{"_et_pb_use_builder":"","_et_pb_old_content":"","_et_gb_content_width":"","_joinchat":[]},"product_brand":[],"product_cat":[22],"product_tag":[19],"class_list":{"0":"post-2721","1":"product","2":"type-product","3":"status-publish","4":"has-post-thumbnail","6":"product_cat-nir","7":"product_tag-buchi","9":"first","10":"instock","11":"shipping-taxable","12":"product-type-simple"},"_links":{"self":[{"href":"http:\/\/embrion.com.py\/fisc\/wp-json\/wp\/v2\/product\/2721","targetHints":{"allow":["GET"]}}],"collection":[{"href":"http:\/\/embrion.com.py\/fisc\/wp-json\/wp\/v2\/product"}],"about":[{"href":"http:\/\/embrion.com.py\/fisc\/wp-json\/wp\/v2\/types\/product"}],"replies":[{"embeddable":true,"href":"http:\/\/embrion.com.py\/fisc\/wp-json\/wp\/v2\/comments?post=2721"}],"wp:featuredmedia":[{"embeddable":true,"href":"http:\/\/embrion.com.py\/fisc\/wp-json\/wp\/v2\/media\/730"}],"wp:attachment":[{"href":"http:\/\/embrion.com.py\/fisc\/wp-json\/wp\/v2\/media?parent=2721"}],"wp:term":[{"taxonomy":"product_brand","embeddable":true,"href":"http:\/\/embrion.com.py\/fisc\/wp-json\/wp\/v2\/product_brand?post=2721"},{"taxonomy":"product_cat","embeddable":true,"href":"http:\/\/embrion.com.py\/fisc\/wp-json\/wp\/v2\/product_cat?post=2721"},{"taxonomy":"product_tag","embeddable":true,"href":"http:\/\/embrion.com.py\/fisc\/wp-json\/wp\/v2\/product_tag?post=2721"}],"curies":[{"name":"wp","href":"https:\/\/api.w.org\/{rel}","templated":true}]}}