{"id":2682,"date":"2022-12-19T19:04:59","date_gmt":"2022-12-19T19:04:59","guid":{"rendered":"https:\/\/fisc.webparaguay.com\/?post_type=product&#038;p=2682"},"modified":"2024-04-16T08:33:13","modified_gmt":"2024-04-16T12:33:13","slug":"empyrean-edicion-nano","status":"publish","type":"product","link":"http:\/\/embrion.com.py\/fisc\/producto\/difraccion-de-rayos-x\/empyrean-edicion-nano\/","title":{"rendered":"Empyrean"},"content":{"rendered":"<ul>\n<li>An\u00e1lisis de (nano)materiales en varias escalas de longitud<\/li>\n<li>El Empyrean Nano, a diferencia de cualquier otro instrumento disponible en el mercado, cubre espacios de Bragg desde sub\u00e1ngstroms hasta micrones, y una amplitud de rangos q de vectores de dispersi\u00f3n que se extiende durante casi cinco d\u00e9cadas, sin huecos.<\/li>\n<li>Empyrean admite una variedad de t\u00e9cnicas de dispersi\u00f3n de rayos X (SAXS \u2013 BioSAXS \u2013 WAXS \u2013 USAXS<\/li>\n<li>Seg\u00fan sus intereses espec\u00edficos de investigaci\u00f3n, la edici\u00f3n Empyrean Nano se puede mejorar a\u00fan m\u00e1s, por ejemplo, a\u00f1adiendo t\u00e9cnicas de pel\u00edculas delgadas como GISAXS y reflectividad de rayos X, difracci\u00f3n de rayos X de muestras pulverizadas cl\u00e1sica o tomograf\u00eda computada. Malvern Panalytical tambi\u00e9n desarrolla constantemente opciones adicionales, mejoras y soluciones anal\u00edticas que son compatibles con las plataformas de instrumentos existentes de Malvern Panalytical.<\/li>\n<\/ul>\n<p><strong>Beneficios y ventajas\u00a0<\/strong><\/p>\n<ul>\n<li>Posee detectores de alto rendimiento<\/li>\n<li>Con el m\u00f3dulo ScatterX78, puede realizar mediciones de dispersi\u00f3n de rayos X de \u00e1ngulo peque\u00f1o y amplio (SAXS y WAXS) en nanomateriales.<\/li>\n<li>La se\u00f1al de SAXS permite el an\u00e1lisis estructural y dimensional de un material en la nanoescala.<\/li>\n<li>A partir de la se\u00f1al de WAXS, se puede obtener informaci\u00f3n complementaria sobre las fases cristalinas, y el tama\u00f1o de nanocristalitos y su orientaci\u00f3n. ScatterX78 puede utilizarse para la caracterizaci\u00f3n de una variedad de muestras, como dispersiones coloidales, pol\u00edmeros, soluciones proteicas, surfactantes, nanopolvos y cristales l\u00edquidos.<\/li>\n<li>En Empyrean Nano, la resoluci\u00f3n se puede llevar a \u00e1ngulos ultra peque\u00f1os mediante el uso de un tipo de configuraci\u00f3n experimental de Bonse-Hart basado en componentes \u00f3pticos de alta resoluci\u00f3n prealineados. Con dicha configuraci\u00f3n USAXS, el menor \u00e1ngulo de dispersi\u00f3n accesible es de aproximadamente 0,005 grados, con un correspondiente espacio de Bragg m\u00e1ximo de 1700 nm.<\/li>\n<li>La edici\u00f3n Empyrean Nano cumple con todas las regulaciones mundiales relevantes sobre seguridad relativa a electricidad, mec\u00e1nica y rayos X, y por defecto, tambi\u00e9n se incluyen los rayos X duros. La configuraci\u00f3n experimental se encuentra dentro de un compartimiento protegido contra radiaci\u00f3n que tiene ventanas transparentes grandes. Las puertas de amplia apertura permiten un f\u00e1cil acceso a la configuraci\u00f3n cuando es necesario.<\/li>\n<\/ul>\n<p><strong>Aplicaci\u00f3n<\/strong><\/p>\n<ul>\n<li>SAXS y WAXS: dispersi\u00f3n de rayos X de \u00e1ngulo peque\u00f1o y de \u00e1ngulo amplio<\/li>\n<li>BioSAXS: SAXS en macromol\u00e9culas biol\u00f3gicas<\/li>\n<li>USAXS: dispersi\u00f3n de rayos X con \u00e1ngulo ultrapeque\u00f1o<\/li>\n<li>Dispersi\u00f3n total: an\u00e1lisis de la funci\u00f3n de distribuci\u00f3n de pares at\u00f3micos (PDF)<\/li>\n<li>Se pueden agregar varias otras aplicaciones, como la difracci\u00f3n de muestras pulverizadas, an\u00e1lisis de pel\u00edculas delgadas y tomograf\u00eda computada (TC); tambi\u00e9n como actualizaciones posteriores.<\/li>\n<\/ul>\n<p>&nbsp;<\/p>\n<p>&nbsp;<\/p>\n","protected":false},"excerpt":{"rendered":"<p><span data-contrast=\"none\">Gracias a Empyrean, Malvern Panalytical estableci\u00f3 el nuevo est\u00e1ndar para el desarrollo de la mejor plataforma de rayos\u202fX, destinada al an\u00e1lisis de polvos, pel\u00edculas delgadas, nanomateriales y objetos s\u00f3lidos.<\/span><span data-ccp-props=\"{&quot;134233117&quot;:false,&quot;134233118&quot;:false,&quot;201341983&quot;:0,&quot;335559738&quot;:0,&quot;335559739&quot;:0,&quot;335559740&quot;:240}\">\u00a0<\/span><\/p>\n<p><span data-contrast=\"none\">Empyrean representa la respuesta de Malvern Panalytical frente a los desaf\u00edos en el \u00e1rea de la investigaci\u00f3n de materiales modernos, en los que la vida \u00fatil de un instrumento es considerablemente mayor que el del t\u00e9rmino de cualquier proyecto de investigaci\u00f3n.<\/span><span data-ccp-props=\"{&quot;134233117&quot;:false,&quot;134233118&quot;:false,&quot;201341983&quot;:0,&quot;335559738&quot;:0,&quot;335559739&quot;:0,&quot;335559740&quot;:240}\">\u00a0<\/span><\/p>\n","protected":false},"featured_media":3920,"comment_status":"closed","ping_status":"closed","template":"","meta":{"_et_pb_use_builder":"","_et_pb_old_content":"","_et_gb_content_width":"","_joinchat":[]},"product_brand":[],"product_cat":[36],"product_tag":[25],"class_list":{"0":"post-2682","1":"product","2":"type-product","3":"status-publish","4":"has-post-thumbnail","6":"product_cat-difraccion-de-rayos-x","7":"product_tag-malvern-panalytical","9":"first","10":"instock","11":"shipping-taxable","12":"product-type-simple"},"_links":{"self":[{"href":"http:\/\/embrion.com.py\/fisc\/wp-json\/wp\/v2\/product\/2682","targetHints":{"allow":["GET"]}}],"collection":[{"href":"http:\/\/embrion.com.py\/fisc\/wp-json\/wp\/v2\/product"}],"about":[{"href":"http:\/\/embrion.com.py\/fisc\/wp-json\/wp\/v2\/types\/product"}],"replies":[{"embeddable":true,"href":"http:\/\/embrion.com.py\/fisc\/wp-json\/wp\/v2\/comments?post=2682"}],"wp:featuredmedia":[{"embeddable":true,"href":"http:\/\/embrion.com.py\/fisc\/wp-json\/wp\/v2\/media\/3920"}],"wp:attachment":[{"href":"http:\/\/embrion.com.py\/fisc\/wp-json\/wp\/v2\/media?parent=2682"}],"wp:term":[{"taxonomy":"product_brand","embeddable":true,"href":"http:\/\/embrion.com.py\/fisc\/wp-json\/wp\/v2\/product_brand?post=2682"},{"taxonomy":"product_cat","embeddable":true,"href":"http:\/\/embrion.com.py\/fisc\/wp-json\/wp\/v2\/product_cat?post=2682"},{"taxonomy":"product_tag","embeddable":true,"href":"http:\/\/embrion.com.py\/fisc\/wp-json\/wp\/v2\/product_tag?post=2682"}],"curies":[{"name":"wp","href":"https:\/\/api.w.org\/{rel}","templated":true}]}}